216.73.216.61 - - [15/Jun/2026:19:54:54 +0600] "GET /products/517788290 HTTP/2" 403 1242 "-" "Mozilla/5.0 AppleWebKit/537.36 (KHTML, like Gecko; compatible; ClaudeBot/1.0; +claudebot@anthropic.com)"
216.73.216.61 - - [15/Jun/2026:19:54:54 +0600] "GET /products/576708826 HTTP/2" 403 1242 "-" "Mozilla/5.0 AppleWebKit/537.36 (KHTML, like Gecko; compatible; ClaudeBot/1.0; +claudebot@anthropic.com)"
216.73.216.61 - - [15/Jun/2026:19:54:54 +0600] "GET /products/91799742 HTTP/2" 403 1242 "-" "Mozilla/5.0 AppleWebKit/537.36 (KHTML, like Gecko; compatible; ClaudeBot/1.0; +claudebot@anthropic.com)"
216.73.216.61 - - [15/Jun/2026:19:54:54 +0600] "GET /products/23279776 HTTP/2" 403 1242 "-" "Mozilla/5.0 AppleWebKit/537.36 (KHTML, like Gecko; compatible; ClaudeBot/1.0; +claudebot@anthropic.com)"
216.73.216.61 - - [15/Jun/2026:19:53:00 +0600] "GET /products/8822626 HTTP/2" 403 1242 "-" "Mozilla/5.0 AppleWebKit/537.36 (KHTML, like Gecko; compatible; ClaudeBot/1.0; +claudebot@anthropic.com)"
216.73.216.61 - - [15/Jun/2026:19:53:00 +0600] "GET /products/415679621 HTTP/2" 403 1242 "-" "Mozilla/5.0 AppleWebKit/537.36 (KHTML, like Gecko; compatible; ClaudeBot/1.0; +claudebot@anthropic.com)"
216.73.216.61 - - [15/Jun/2026:19:53:00 +0600] "GET /products/319542863 HTTP/2" 403 1242 "-" "Mozilla/5.0 AppleWebKit/537.36 (KHTML, like Gecko; compatible; ClaudeBot/1.0; +claudebot@anthropic.com)"
216.73.216.61 - - [15/Jun/2026:19:53:00 +0600] "GET /products/221394989 HTTP/2" 403 1242 "-" "Mozilla/5.0 AppleWebKit/537.36 (KHTML, like Gecko; compatible; ClaudeBot/1.0; +claudebot@anthropic.com)"
216.73.216.61 - - [15/Jun/2026:19:53:00 +0600] "GET /products/414521199 HTTP/2" 403 1242 "-" "Mozilla/5.0 AppleWebKit/537.36 (KHTML, like Gecko; compatible; ClaudeBot/1.0; +claudebot@anthropic.com)"
216.73.216.61 - - [15/Jun/2026:19:53:00 +0600] "GET /products/580603787 HTTP/2" 403 1242 "-" "Mozilla/5.0 AppleWebKit/537.36 (KHTML, like Gecko; compatible; ClaudeBot/1.0; +claudebot@anthropic.com)"
216.73.216.61 - - [15/Jun/2026:19:53:00 +0600] "GET /products/8894203 HTTP/2" 403 1242 "-" "Mozilla/5.0 AppleWebKit/537.36 (KHTML, like Gecko; compatible; ClaudeBot/1.0; +claudebot@anthropic.com)"
216.73.216.61 - - [15/Jun/2026:19:53:00 +0600] "GET /products/5984621 HTTP/2" 403 1242 "-" "Mozilla/5.0 AppleWebKit/537.36 (KHTML, like Gecko; compatible; ClaudeBot/1.0; +claudebot@anthropic.com)"
216.73.216.61 - - [15/Jun/2026:19:53:00 +0600] "GET /products/182239058 HTTP/2" 403 1242 "-" "Mozilla/5.0 AppleWebKit/537.36 (KHTML, like Gecko; compatible; ClaudeBot/1.0; +claudebot@anthropic.com)"
216.73.216.61 - - [15/Jun/2026:19:53:00 +0600] "GET /products/483056622 HTTP/2" 403 1242 "-" "Mozilla/5.0 AppleWebKit/537.36 (KHTML, like Gecko; compatible; ClaudeBot/1.0; +claudebot@anthropic.com)"
216.73.216.61 - - [15/Jun/2026:19:53:01 +0600] "GET /products/515887737 HTTP/2" 403 1242 "-" "Mozilla/5.0 AppleWebKit/537.36 (KHTML, like Gecko; compatible; ClaudeBot/1.0; +claudebot@anthropic.com)"
216.73.216.61 - - [15/Jun/2026:19:53:01 +0600] "GET /products/93573760 HTTP/2" 403 1242 "-" "Mozilla/5.0 AppleWebKit/537.36 (KHTML, like Gecko; compatible; ClaudeBot/1.0; +claudebot@anthropic.com)"
216.73.216.61 - - [15/Jun/2026:19:53:01 +0600] "GET /products/41802062 HTTP/2" 403 1242 "-" "Mozilla/5.0 AppleWebKit/537.36 (KHTML, like Gecko; compatible; ClaudeBot/1.0; +claudebot@anthropic.com)"
216.73.216.61 - - [15/Jun/2026:19:53:01 +0600] "GET /products/189323757 HTTP/2" 403 1242 "-" "Mozilla/5.0 AppleWebKit/537.36 (KHTML, like Gecko; compatible; ClaudeBot/1.0; +claudebot@anthropic.com)"
216.73.216.61 - - [15/Jun/2026:19:53:01 +0600] "GET /products/340917636 HTTP/2" 403 1242 "-" "Mozilla/5.0 AppleWebKit/537.36 (KHTML, like Gecko; compatible; ClaudeBot/1.0; +claudebot@anthropic.com)"
216.73.216.61 - - [15/Jun/2026:19:53:01 +0600] "GET /products/16940025 HTTP/2" 403 1242 "-" "Mozilla/5.0 AppleWebKit/537.36 (KHTML, like Gecko; compatible; ClaudeBot/1.0; +claudebot@anthropic.com)"
216.73.216.61 - - [15/Jun/2026:19:53:01 +0600] "GET /products/448203913 HTTP/2" 403 1242 "-" "Mozilla/5.0 AppleWebKit/537.36 (KHTML, like Gecko; compatible; ClaudeBot/1.0; +claudebot@anthropic.com)"
216.73.216.61 - - [15/Jun/2026:19:53:01 +0600] "GET /products/265185496 HTTP/2" 403 1242 "-" "Mozilla/5.0 AppleWebKit/537.36 (KHTML, like Gecko; compatible; ClaudeBot/1.0; +claudebot@anthropic.com)"
216.73.216.61 - - [15/Jun/2026:19:53:01 +0600] "GET /products/546474777 HTTP/2" 403 1242 "-" "Mozilla/5.0 AppleWebKit/537.36 (KHTML, like Gecko; compatible; ClaudeBot/1.0; +claudebot@anthropic.com)"
216.73.216.61 - - [15/Jun/2026:19:55:05 +0600] "GET /products/238278759 HTTP/2" 200 4007 "-" "Mozilla/5.0 AppleWebKit/537.36 (KHTML, like Gecko; compatible; ClaudeBot/1.0; +claudebot@anthropic.com)"
216.73.216.61 - - [15/Jun/2026:19:55:05 +0600] "GET /products/568011757 HTTP/2" 200 4038 "-" "Mozilla/5.0 AppleWebKit/537.36 (KHTML, like Gecko; compatible; ClaudeBot/1.0; +claudebot@anthropic.com)"
216.73.216.61 - - [15/Jun/2026:19:55:05 +0600] "GET /products/15241513 HTTP/2" 200 4022 "-" "Mozilla/5.0 AppleWebKit/537.36 (KHTML, like Gecko; compatible; ClaudeBot/1.0; +claudebot@anthropic.com)"
216.73.216.61 - - [15/Jun/2026:19:55:05 +0600] "GET /products/578185258 HTTP/2" 200 4007 "-" "Mozilla/5.0 AppleWebKit/537.36 (KHTML, like Gecko; compatible; ClaudeBot/1.0; +claudebot@anthropic.com)"
216.73.216.61 - - [15/Jun/2026:19:55:05 +0600] "GET /products/423426088 HTTP/2" 200 4040 "-" "Mozilla/5.0 AppleWebKit/537.36 (KHTML, like Gecko; compatible; ClaudeBot/1.0; +claudebot@anthropic.com)"
216.73.216.61 - - [15/Jun/2026:19:55:05 +0600] "GET /products/249020473 HTTP/2" 200 4038 "-" "Mozilla/5.0 AppleWebKit/537.36 (KHTML, like Gecko; compatible; ClaudeBot/1.0; +claudebot@anthropic.com)"
216.73.216.61 - - [15/Jun/2026:19:55:05 +0600] "GET /products/510809714 HTTP/2" 200 4038 "-" "Mozilla/5.0 AppleWebKit/537.36 (KHTML, like Gecko; compatible; ClaudeBot/1.0; +claudebot@anthropic.com)"
216.73.216.61 - - [15/Jun/2026:19:55:05 +0600] "GET /products/555211473 HTTP/2" 200 4104 "-" "Mozilla/5.0 AppleWebKit/537.36 (KHTML, like Gecko; compatible; ClaudeBot/1.0; +claudebot@anthropic.com)"
216.73.216.61 - - [15/Jun/2026:19:55:05 +0600] "GET /products/60318257 HTTP/2" 200 4007 "-" "Mozilla/5.0 AppleWebKit/537.36 (KHTML, like Gecko; compatible; ClaudeBot/1.0; +claudebot@anthropic.com)"
216.73.216.61 - - [15/Jun/2026:19:55:05 +0600] "GET /products/63041155 HTTP/2" 200 4007 "-" "Mozilla/5.0 AppleWebKit/537.36 (KHTML, like Gecko; compatible; ClaudeBot/1.0; +claudebot@anthropic.com)"
216.73.216.61 - - [15/Jun/2026:19:55:05 +0600] "GET /products/60834303 HTTP/2" 200 4007 "-" "Mozilla/5.0 AppleWebKit/537.36 (KHTML, like Gecko; compatible; ClaudeBot/1.0; +claudebot@anthropic.com)"
216.73.216.61 - - [15/Jun/2026:19:55:07 +0600] "GET /products/472457361 HTTP/2" 403 1242 "-" "Mozilla/5.0 AppleWebKit/537.36 (KHTML, like Gecko; compatible; ClaudeBot/1.0; +claudebot@anthropic.com)"
216.73.216.61 - - [15/Jun/2026:19:55:06 +0600] "GET /products/466164661 HTTP/2" 200 4132 "-" "Mozilla/5.0 AppleWebKit/537.36 (KHTML, like Gecko; compatible; ClaudeBot/1.0; +claudebot@anthropic.com)"
216.73.216.61 - - [15/Jun/2026:19:55:07 +0600] "GET /products/60242077 HTTP/2" 403 1242 "-" "Mozilla/5.0 AppleWebKit/537.36 (KHTML, like Gecko; compatible; ClaudeBot/1.0; +claudebot@anthropic.com)"
216.73.216.61 - - [15/Jun/2026:19:55:06 +0600] "GET /products/48319313 HTTP/2" 200 4022 "-" "Mozilla/5.0 AppleWebKit/537.36 (KHTML, like Gecko; compatible; ClaudeBot/1.0; +claudebot@anthropic.com)"
216.73.216.61 - - [15/Jun/2026:19:55:07 +0600] "GET /products/96664106 HTTP/2" 403 1242 "-" "Mozilla/5.0 AppleWebKit/537.36 (KHTML, like Gecko; compatible; ClaudeBot/1.0; +claudebot@anthropic.com)"
216.73.216.61 - - [15/Jun/2026:19:55:07 +0600] "GET /products/35063462 HTTP/2" 403 1242 "-" "Mozilla/5.0 AppleWebKit/537.36 (KHTML, like Gecko; compatible; ClaudeBot/1.0; +claudebot@anthropic.com)"
216.73.216.61 - - [15/Jun/2026:19:55:06 +0600] "GET /products/539470361 HTTP/2" 200 4040 "-" "Mozilla/5.0 AppleWebKit/537.36 (KHTML, like Gecko; compatible; ClaudeBot/1.0; +claudebot@anthropic.com)"
216.73.216.61 - - [15/Jun/2026:19:55:06 +0600] "GET /products/457058434 HTTP/2" 200 4104 "-" "Mozilla/5.0 AppleWebKit/537.36 (KHTML, like Gecko; compatible; ClaudeBot/1.0; +claudebot@anthropic.com)"
216.73.216.61 - - [15/Jun/2026:19:55:07 +0600] "GET /products/305183720 HTTP/2" 403 1242 "-" "Mozilla/5.0 AppleWebKit/537.36 (KHTML, like Gecko; compatible; ClaudeBot/1.0; +claudebot@anthropic.com)"
216.73.216.61 - - [15/Jun/2026:19:55:07 +0600] "GET /products/578657811 HTTP/2" 403 1242 "-" "Mozilla/5.0 AppleWebKit/537.36 (KHTML, like Gecko; compatible; ClaudeBot/1.0; +claudebot@anthropic.com)"
216.73.216.61 - - [15/Jun/2026:19:54:00 +0600] "GET /products/371427504 HTTP/2" 403 1242 "-" "Mozilla/5.0 AppleWebKit/537.36 (KHTML, like Gecko; compatible; ClaudeBot/1.0; +claudebot@anthropic.com)"
216.73.216.61 - - [15/Jun/2026:19:54:00 +0600] "GET /products/86766177 HTTP/2" 403 1242 "-" "Mozilla/5.0 AppleWebKit/537.36 (KHTML, like Gecko; compatible; ClaudeBot/1.0; +claudebot@anthropic.com)"
216.73.216.61 - - [15/Jun/2026:19:54:00 +0600] "GET /products/50087143 HTTP/2" 403 1242 "-" "Mozilla/5.0 AppleWebKit/537.36 (KHTML, like Gecko; compatible; ClaudeBot/1.0; +claudebot@anthropic.com)"
216.73.216.61 - - [15/Jun/2026:19:54:00 +0600] "GET /products/351012711 HTTP/2" 403 1242 "-" "Mozilla/5.0 AppleWebKit/537.36 (KHTML, like Gecko; compatible; ClaudeBot/1.0; +claudebot@anthropic.com)"
216.73.216.61 - - [15/Jun/2026:19:54:00 +0600] "GET /products/17330234 HTTP/2" 403 1242 "-" "Mozilla/5.0 AppleWebKit/537.36 (KHTML, like Gecko; compatible; ClaudeBot/1.0; +claudebot@anthropic.com)"
216.73.216.61 - - [15/Jun/2026:19:54:00 +0600] "GET /products/81149781 HTTP/2" 403 1242 "-" "Mozilla/5.0 AppleWebKit/537.36 (KHTML, like Gecko; compatible; ClaudeBot/1.0; +claudebot@anthropic.com)"
216.73.216.61 - - [15/Jun/2026:19:54:00 +0600] "GET /products/228784438 HTTP/2" 403 1242 "-" "Mozilla/5.0 AppleWebKit/537.36 (KHTML, like Gecko; compatible; ClaudeBot/1.0; +claudebot@anthropic.com)"
216.73.216.61 - - [15/Jun/2026:19:54:01 +0600] "GET /products/337354207 HTTP/2" 403 1242 "-" "Mozilla/5.0 AppleWebKit/537.36 (KHTML, like Gecko; compatible; ClaudeBot/1.0; +claudebot@anthropic.com)"
216.73.216.61 - - [15/Jun/2026:19:54:01 +0600] "GET /products/8112215 HTTP/2" 403 1242 "-" "Mozilla/5.0 AppleWebKit/537.36 (KHTML, like Gecko; compatible; ClaudeBot/1.0; +claudebot@anthropic.com)"
216.73.216.61 - - [15/Jun/2026:19:54:01 +0600] "GET /products/451864364 HTTP/2" 403 1242 "-" "Mozilla/5.0 AppleWebKit/537.36 (KHTML, like Gecko; compatible; ClaudeBot/1.0; +claudebot@anthropic.com)"
216.73.216.61 - - [15/Jun/2026:19:54:01 +0600] "GET /products/7891511 HTTP/2" 403 1242 "-" "Mozilla/5.0 AppleWebKit/537.36 (KHTML, like Gecko; compatible; ClaudeBot/1.0; +claudebot@anthropic.com)"
216.73.216.61 - - [15/Jun/2026:19:54:01 +0600] "GET /products/383332540 HTTP/2" 403 1242 "-" "Mozilla/5.0 AppleWebKit/537.36 (KHTML, like Gecko; compatible; ClaudeBot/1.0; +claudebot@anthropic.com)"
216.73.216.61 - - [15/Jun/2026:19:54:01 +0600] "GET /products/571282783 HTTP/2" 403 1242 "-" "Mozilla/5.0 AppleWebKit/537.36 (KHTML, like Gecko; compatible; ClaudeBot/1.0; +claudebot@anthropic.com)"
216.73.216.61 - - [15/Jun/2026:19:54:01 +0600] "GET /products/468482707 HTTP/2" 403 1242 "-" "Mozilla/5.0 AppleWebKit/537.36 (KHTML, like Gecko; compatible; ClaudeBot/1.0; +claudebot@anthropic.com)"
216.73.216.61 - - [15/Jun/2026:19:54:01 +0600] "GET /products/6121118 HTTP/2" 403 1242 "-" "Mozilla/5.0 AppleWebKit/537.36 (KHTML, like Gecko; compatible; ClaudeBot/1.0; +claudebot@anthropic.com)"
216.73.216.61 - - [15/Jun/2026:19:55:29 +0600] "GET /products/268811467 HTTP/2" 403 1242 "-" "Mozilla/5.0 AppleWebKit/537.36 (KHTML, like Gecko; compatible; ClaudeBot/1.0; +claudebot@anthropic.com)"
216.73.216.61 - - [15/Jun/2026:19:55:29 +0600] "GET /products/255766621 HTTP/2" 403 1242 "-" "Mozilla/5.0 AppleWebKit/537.36 (KHTML, like Gecko; compatible; ClaudeBot/1.0; +claudebot@anthropic.com)"
216.73.216.61 - - [15/Jun/2026:19:55:29 +0600] "GET /products/610718670 HTTP/2" 403 1242 "-" "Mozilla/5.0 AppleWebKit/537.36 (KHTML, like Gecko; compatible; ClaudeBot/1.0; +claudebot@anthropic.com)"
216.73.216.61 - - [15/Jun/2026:19:55:29 +0600] "GET /products/343912173 HTTP/2" 403 1242 "-" "Mozilla/5.0 AppleWebKit/537.36 (KHTML, like Gecko; compatible; ClaudeBot/1.0; +claudebot@anthropic.com)"
216.73.216.61 - - [15/Jun/2026:19:55:29 +0600] "GET /products/30153349 HTTP/2" 403 1242 "-" "Mozilla/5.0 AppleWebKit/537.36 (KHTML, like Gecko; compatible; ClaudeBot/1.0; +claudebot@anthropic.com)"
216.73.216.61 - - [15/Jun/2026:19:55:29 +0600] "GET /products/374527750 HTTP/2" 403 1242 "-" "Mozilla/5.0 AppleWebKit/537.36 (KHTML, like Gecko; compatible; ClaudeBot/1.0; +claudebot@anthropic.com)"
216.73.216.61 - - [15/Jun/2026:19:55:30 +0600] "GET /products/605540368 HTTP/2" 403 1242 "-" "Mozilla/5.0 AppleWebKit/537.36 (KHTML, like Gecko; compatible; ClaudeBot/1.0; +claudebot@anthropic.com)"
216.73.216.61 - - [15/Jun/2026:19:55:30 +0600] "GET /products/493541642 HTTP/2" 403 1242 "-" "Mozilla/5.0 AppleWebKit/537.36 (KHTML, like Gecko; compatible; ClaudeBot/1.0; +claudebot@anthropic.com)"
216.73.216.61 - - [15/Jun/2026:19:55:30 +0600] "GET /products/521091873 HTTP/2" 403 1242 "-" "Mozilla/5.0 AppleWebKit/537.36 (KHTML, like Gecko; compatible; ClaudeBot/1.0; +claudebot@anthropic.com)"
216.73.216.61 - - [15/Jun/2026:19:55:30 +0600] "GET /products/366226180 HTTP/2" 403 1242 "-" "Mozilla/5.0 AppleWebKit/537.36 (KHTML, like Gecko; compatible; ClaudeBot/1.0; +claudebot@anthropic.com)"
216.73.216.61 - - [15/Jun/2026:19:55:31 +0600] "GET /products/514350969 HTTP/2" 403 1242 "-" "Mozilla/5.0 AppleWebKit/537.36 (KHTML, like Gecko; compatible; ClaudeBot/1.0; +claudebot@anthropic.com)"
216.73.216.61 - - [15/Jun/2026:19:55:31 +0600] "GET /products/374588225 HTTP/2" 403 1242 "-" "Mozilla/5.0 AppleWebKit/537.36 (KHTML, like Gecko; compatible; ClaudeBot/1.0; +claudebot@anthropic.com)"
216.73.216.61 - - [15/Jun/2026:19:55:31 +0600] "GET /products/88717621 HTTP/2" 403 1242 "-" "Mozilla/5.0 AppleWebKit/537.36 (KHTML, like Gecko; compatible; ClaudeBot/1.0; +claudebot@anthropic.com)"
216.73.216.61 - - [15/Jun/2026:19:55:31 +0600] "GET /products/76577701 HTTP/2" 403 1242 "-" "Mozilla/5.0 AppleWebKit/537.36 (KHTML, like Gecko; compatible; ClaudeBot/1.0; +claudebot@anthropic.com)"
216.73.216.61 - - [15/Jun/2026:19:55:31 +0600] "GET /products/195523132 HTTP/2" 403 1242 "-" "Mozilla/5.0 AppleWebKit/537.36 (KHTML, like Gecko; compatible; ClaudeBot/1.0; +claudebot@anthropic.com)"
216.73.216.61 - - [15/Jun/2026:19:55:31 +0600] "GET /products/268426228 HTTP/2" 403 1242 "-" "Mozilla/5.0 AppleWebKit/537.36 (KHTML, like Gecko; compatible; ClaudeBot/1.0; +claudebot@anthropic.com)"
216.73.216.61 - - [15/Jun/2026:19:55:31 +0600] "GET /products/351161698 HTTP/2" 403 1242 "-" "Mozilla/5.0 AppleWebKit/537.36 (KHTML, like Gecko; compatible; ClaudeBot/1.0; +claudebot@anthropic.com)"
216.73.216.61 - - [15/Jun/2026:19:55:32 +0600] "GET /products/440521008 HTTP/2" 403 1242 "-" "Mozilla/5.0 AppleWebKit/537.36 (KHTML, like Gecko; compatible; ClaudeBot/1.0; +claudebot@anthropic.com)"
216.73.216.61 - - [15/Jun/2026:19:55:32 +0600] "GET /products/90988995 HTTP/2" 403 1242 "-" "Mozilla/5.0 AppleWebKit/537.36 (KHTML, like Gecko; compatible; ClaudeBot/1.0; +claudebot@anthropic.com)"
216.73.216.61 - - [15/Jun/2026:19:55:32 +0600] "GET /products/9463051 HTTP/2" 403 1242 "-" "Mozilla/5.0 AppleWebKit/537.36 (KHTML, like Gecko; compatible; ClaudeBot/1.0; +claudebot@anthropic.com)"
216.73.216.61 - - [15/Jun/2026:19:55:32 +0600] "GET /products/259428315 HTTP/2" 403 1242 "-" "Mozilla/5.0 AppleWebKit/537.36 (KHTML, like Gecko; compatible; ClaudeBot/1.0; +claudebot@anthropic.com)"
216.73.216.61 - - [15/Jun/2026:19:55:32 +0600] "GET /products/246919297 HTTP/2" 403 1242 "-" "Mozilla/5.0 AppleWebKit/537.36 (KHTML, like Gecko; compatible; ClaudeBot/1.0; +claudebot@anthropic.com)"
216.73.216.61 - - [15/Jun/2026:19:55:32 +0600] "GET /products/259580563 HTTP/2" 403 1242 "-" "Mozilla/5.0 AppleWebKit/537.36 (KHTML, like Gecko; compatible; ClaudeBot/1.0; +claudebot@anthropic.com)"
216.73.216.61 - - [15/Jun/2026:19:55:32 +0600] "GET /products/63162184 HTTP/2" 403 1242 "-" "Mozilla/5.0 AppleWebKit/537.36 (KHTML, like Gecko; compatible; ClaudeBot/1.0; +claudebot@anthropic.com)"
216.73.216.61 - - [15/Jun/2026:19:55:32 +0600] "GET /products/444209794 HTTP/2" 403 1242 "-" "Mozilla/5.0 AppleWebKit/537.36 (KHTML, like Gecko; compatible; ClaudeBot/1.0; +claudebot@anthropic.com)"
216.73.216.61 - - [15/Jun/2026:19:55:07 +0600] "GET /products/591798742 HTTP/2" 200 3945 "-" "Mozilla/5.0 AppleWebKit/537.36 (KHTML, like Gecko; compatible; ClaudeBot/1.0; +claudebot@anthropic.com)"
216.73.216.61 - - [15/Jun/2026:19:55:07 +0600] "GET /products/6626315 HTTP/2" 403 1242 "-" "Mozilla/5.0 AppleWebKit/537.36 (KHTML, like Gecko; compatible; ClaudeBot/1.0; +claudebot@anthropic.com)"
216.73.216.61 - - [15/Jun/2026:19:55:07 +0600] "GET /products/518352117 HTTP/2" 403 1242 "-" "Mozilla/5.0 AppleWebKit/537.36 (KHTML, like Gecko; compatible; ClaudeBot/1.0; +claudebot@anthropic.com)"
216.73.216.61 - - [15/Jun/2026:19:55:07 +0600] "GET /products/565030018 HTTP/2" 403 1242 "-" "Mozilla/5.0 AppleWebKit/537.36 (KHTML, like Gecko; compatible; ClaudeBot/1.0; +claudebot@anthropic.com)"
216.73.216.61 - - [15/Jun/2026:19:55:07 +0600] "GET /products/315262647 HTTP/2" 403 1242 "-" "Mozilla/5.0 AppleWebKit/537.36 (KHTML, like Gecko; compatible; ClaudeBot/1.0; +claudebot@anthropic.com)"
216.73.216.61 - - [15/Jun/2026:19:55:07 +0600] "GET /products/319502378 HTTP/2" 403 1242 "-" "Mozilla/5.0 AppleWebKit/537.36 (KHTML, like Gecko; compatible; ClaudeBot/1.0; +claudebot@anthropic.com)"
216.73.216.61 - - [15/Jun/2026:19:57:00 +0600] "GET /products/4314473?fileloc=%2Fhome%2Fahmedsaf%2F.razor%2Fserver.c301.cloudmark.com.conf&path=%2Fhome%2Fahmedsaf%2F.razor HTTP/2" 403 1242 "-" "Mozilla/5.0 AppleWebKit/537.36 (KHTML, like Gecko; compatible; ClaudeBot/1.0; +claudebot@anthropic.com)"
216.73.216.61 - - [15/Jun/2026:19:57:00 +0600] "GET /products/4314473?fileloc=%2Fhome%2Fahmedsaf%2F.razor%2Fservers.nomination.lst&path=%2Fhome%2Fahmedsaf%2F.razor HTTP/2" 403 1242 "-" "Mozilla/5.0 AppleWebKit/537.36 (KHTML, like Gecko; compatible; ClaudeBot/1.0; +claudebot@anthropic.com)"
216.73.216.61 - - [15/Jun/2026:19:57:00 +0600] "GET /products/4314473?fileloc=%2Fhome%2Fahmedsaf%2F.razor%2Fserver.c303.cloudmark.com.conf&path=%2Fhome%2Fahmedsaf%2F.razor HTTP/2" 403 1242 "-" "Mozilla/5.0 AppleWebKit/537.36 (KHTML, like Gecko; compatible; ClaudeBot/1.0; +claudebot@anthropic.com)"
216.73.216.61 - - [15/Jun/2026:19:57:00 +0600] "GET /products/4314473?fileloc=%2Fhome%2Fahmedsaf%2F.razor%2Frazor-agent.log&path=%2Fhome%2Fahmedsaf%2F.razor HTTP/2" 403 1242 "-" "Mozilla/5.0 AppleWebKit/537.36 (KHTML, like Gecko; compatible; ClaudeBot/1.0; +claudebot@anthropic.com)"
216.73.216.61 - - [15/Jun/2026:19:57:00 +0600] "GET /products/12826277 HTTP/2" 403 1242 "-" "Mozilla/5.0 AppleWebKit/537.36 (KHTML, like Gecko; compatible; ClaudeBot/1.0; +claudebot@anthropic.com)"
216.73.216.61 - - [15/Jun/2026:19:57:00 +0600] "GET /products/552291076 HTTP/2" 403 1242 "-" "Mozilla/5.0 AppleWebKit/537.36 (KHTML, like Gecko; compatible; ClaudeBot/1.0; +claudebot@anthropic.com)"
216.73.216.61 - - [15/Jun/2026:19:57:01 +0600] "GET /products/248585862 HTTP/2" 403 1242 "-" "Mozilla/5.0 AppleWebKit/537.36 (KHTML, like Gecko; compatible; ClaudeBot/1.0; +claudebot@anthropic.com)"
216.73.216.61 - - [15/Jun/2026:19:57:01 +0600] "GET /products/37302621 HTTP/2" 403 1242 "-" "Mozilla/5.0 AppleWebKit/537.36 (KHTML, like Gecko; compatible; ClaudeBot/1.0; +claudebot@anthropic.com)"
216.73.216.61 - - [15/Jun/2026:19:57:01 +0600] "GET /products/448607515 HTTP/2" 403 1242 "-" "Mozilla/5.0 AppleWebKit/537.36 (KHTML, like Gecko; compatible; ClaudeBot/1.0; +claudebot@anthropic.com)"
216.73.216.61 - - [15/Jun/2026:19:57:01 +0600] "GET /products/51077819 HTTP/2" 403 1242 "-" "Mozilla/5.0 AppleWebKit/537.36 (KHTML, like Gecko; compatible; ClaudeBot/1.0; +claudebot@anthropic.com)"
216.73.216.61 - - [15/Jun/2026:19:57:00 +0600] "GET /products/4314473?fileloc=%2Fhome%2Fahmedsaf%2F.razor%2Fserver.c302.cloudmark.com.conf&path=%2Fhome%2Fahmedsaf%2F.razor HTTP/2" 200 2907 "-" "Mozilla/5.0 AppleWebKit/537.36 (KHTML, like Gecko; compatible; ClaudeBot/1.0; +claudebot@anthropic.com)"
216.73.216.61 - - [15/Jun/2026:19:57:00 +0600] "GET /products/4314473?fileloc=%2Fhome%2Fahmedsaf%2F.razor%2Fservers.discovery.lst&path=%2Fhome%2Fahmedsaf%2F.razor HTTP/2" 200 2566 "-" "Mozilla/5.0 AppleWebKit/537.36 (KHTML, like Gecko; compatible; ClaudeBot/1.0; +claudebot@anthropic.com)"
216.73.216.61 - - [15/Jun/2026:19:57:00 +0600] "GET /products/4314473?fileloc=%2Fhome%2Fahmedsaf%2F.razor%2Fservers.catalogue.lst&path=%2Fhome%2Fahmedsaf%2F.razor HTTP/2" 200 2577 "-" "Mozilla/5.0 AppleWebKit/537.36 (KHTML, like Gecko; compatible; ClaudeBot/1.0; +claudebot@anthropic.com)"
216.73.216.61 - - [15/Jun/2026:19:57:02 +0600] "GET /products/594605766 HTTP/2" 403 1242 "-" "Mozilla/5.0 AppleWebKit/537.36 (KHTML, like Gecko; compatible; ClaudeBot/1.0; +claudebot@anthropic.com)"
216.73.216.61 - - [15/Jun/2026:19:57:02 +0600] "GET /products/202126309 HTTP/2" 403 1242 "-" "Mozilla/5.0 AppleWebKit/537.36 (KHTML, like Gecko; compatible; ClaudeBot/1.0; +claudebot@anthropic.com)"
216.73.216.61 - - [15/Jun/2026:19:57:02 +0600] "GET /products/371976600 HTTP/2" 403 1242 "-" "Mozilla/5.0 AppleWebKit/537.36 (KHTML, like Gecko; compatible; ClaudeBot/1.0; +claudebot@anthropic.com)"
216.73.216.61 - - [15/Jun/2026:19:57:02 +0600] "GET /products/229578777 HTTP/2" 403 1242 "-" "Mozilla/5.0 AppleWebKit/537.36 (KHTML, like Gecko; compatible; ClaudeBot/1.0; +claudebot@anthropic.com)"
216.73.216.61 - - [15/Jun/2026:19:57:02 +0600] "GET /products/505732912 HTTP/2" 403 1242 "-" "Mozilla/5.0 AppleWebKit/537.36 (KHTML, like Gecko; compatible; ClaudeBot/1.0; +claudebot@anthropic.com)"
216.73.216.61 - - [15/Jun/2026:19:57:03 +0600] "GET /products/594393504 HTTP/2" 403 1242 "-" "Mozilla/5.0 AppleWebKit/537.36 (KHTML, like Gecko; compatible; ClaudeBot/1.0; +claudebot@anthropic.com)"
216.73.216.61 - - [15/Jun/2026:19:57:03 +0600] "GET /products/530689520 HTTP/2" 403 1242 "-" "Mozilla/5.0 AppleWebKit/537.36 (KHTML, like Gecko; compatible; ClaudeBot/1.0; +claudebot@anthropic.com)"
216.73.216.61 - - [15/Jun/2026:19:57:04 +0600] "GET /products/395181414 HTTP/2" 403 1242 "-" "Mozilla/5.0 AppleWebKit/537.36 (KHTML, like Gecko; compatible; ClaudeBot/1.0; +claudebot@anthropic.com)"
216.73.216.61 - - [15/Jun/2026:19:57:04 +0600] "GET /products/537423037 HTTP/2" 403 1242 "-" "Mozilla/5.0 AppleWebKit/537.36 (KHTML, like Gecko; compatible; ClaudeBot/1.0; +claudebot@anthropic.com)"
216.73.216.61 - - [15/Jun/2026:19:57:04 +0600] "GET /products/46310742 HTTP/2" 403 1242 "-" "Mozilla/5.0 AppleWebKit/537.36 (KHTML, like Gecko; compatible; ClaudeBot/1.0; +claudebot@anthropic.com)"
216.73.216.61 - - [15/Jun/2026:19:57:04 +0600] "GET /products/506385524 HTTP/2" 403 1242 "-" "Mozilla/5.0 AppleWebKit/537.36 (KHTML, like Gecko; compatible; ClaudeBot/1.0; +claudebot@anthropic.com)"
216.73.216.61 - - [15/Jun/2026:19:57:04 +0600] "GET /products/524180114 HTTP/2" 403 1242 "-" "Mozilla/5.0 AppleWebKit/537.36 (KHTML, like Gecko; compatible; ClaudeBot/1.0; +claudebot@anthropic.com)"
216.73.216.61 - - [15/Jun/2026:19:57:04 +0600] "GET /products/410725122 HTTP/2" 403 1242 "-" "Mozilla/5.0 AppleWebKit/537.36 (KHTML, like Gecko; compatible; ClaudeBot/1.0; +claudebot@anthropic.com)"
216.73.216.61 - - [15/Jun/2026:19:57:05 +0600] "GET /products/60415886 HTTP/2" 403 1242 "-" "Mozilla/5.0 AppleWebKit/537.36 (KHTML, like Gecko; compatible; ClaudeBot/1.0; +claudebot@anthropic.com)"
114.119.154.65 - - [15/Jun/2026:19:57:10 +0600] "GET /sample-page/?path=/home/ahmedsaf/public_html/wp-admin/images HTTP/1.1" 200 5465 "https://www.ahmedsafin.com/sample-page/?path=/home/ahmedsaf/public_html/wp-admin" "Mozilla/5.0 (Linux; Android 7.0;) AppleWebKit/537.36 (HTML, like Gecko) Mobile Safari/537.36 (compatible; PetalBot;+https://webmaster.petalsearch.com/site/petalbot)"
216.73.216.61 - - [15/Jun/2026:19:58:27 +0600] "GET /portfolio?fileloc=%2Fhome%2Fahmedsaf%2Fpublic_html%2Fwp-admin%2Fjs%2Fwidgets%2Ftext-widgets.min.js&path=%2Fhome%2Fahmedsaf%2Fpublic_html%2Fwp-admin%2Fjs%2Fwidgets HTTP/2" 200 4744 "-" "Mozilla/5.0 AppleWebKit/537.36 (KHTML, like Gecko; compatible; ClaudeBot/1.0; +claudebot@anthropic.com)"
216.73.216.61 - - [15/Jun/2026:19:54:54 +0600] "GET /products/66500944 HTTP/2" 403 1242 "-" "Mozilla/5.0 AppleWebKit/537.36 (KHTML, like Gecko; compatible; ClaudeBot/1.0; +claudebot@anthropic.com)"
216.73.216.61 - - [15/Jun/2026:19:54:55 +0600] "GET /products/475982904 HTTP/2" 403 1242 "-" "Mozilla/5.0 AppleWebKit/537.36 (KHTML, like Gecko; compatible; ClaudeBot/1.0; +claudebot@anthropic.com)"
216.73.216.61 - - [15/Jun/2026:19:54:55 +0600] "GET /products/88281423 HTTP/2" 403 1242 "-" "Mozilla/5.0 AppleWebKit/537.36 (KHTML, like Gecko; compatible; ClaudeBot/1.0; +claudebot@anthropic.com)"
216.73.216.61 - - [15/Jun/2026:19:54:55 +0600] "GET /products/60708509 HTTP/2" 403 1242 "-" "Mozilla/5.0 AppleWebKit/537.36 (KHTML, like Gecko; compatible; ClaudeBot/1.0; +claudebot@anthropic.com)"
216.73.216.61 - - [15/Jun/2026:19:54:55 +0600] "GET /products/493641929 HTTP/2" 403 1242 "-" "Mozilla/5.0 AppleWebKit/537.36 (KHTML, like Gecko; compatible; ClaudeBot/1.0; +claudebot@anthropic.com)"
216.73.216.61 - - [15/Jun/2026:19:54:55 +0600] "GET /products/325190429 HTTP/2" 403 1242 "-" "Mozilla/5.0 AppleWebKit/537.36 (KHTML, like Gecko; compatible; ClaudeBot/1.0; +claudebot@anthropic.com)"
216.73.216.61 - - [15/Jun/2026:19:54:55 +0600] "GET /products/27916400 HTTP/2" 403 1242 "-" "Mozilla/5.0 AppleWebKit/537.36 (KHTML, like Gecko; compatible; ClaudeBot/1.0; +claudebot@anthropic.com)"
216.73.216.61 - - [15/Jun/2026:19:54:55 +0600] "GET /products/262107043 HTTP/2" 403 1242 "-" "Mozilla/5.0 AppleWebKit/537.36 (KHTML, like Gecko; compatible; ClaudeBot/1.0; +claudebot@anthropic.com)"
216.73.216.61 - - [15/Jun/2026:19:54:55 +0600] "GET /products/241283625 HTTP/2" 403 1242 "-" "Mozilla/5.0 AppleWebKit/537.36 (KHTML, like Gecko; compatible; ClaudeBot/1.0; +claudebot@anthropic.com)"
216.73.216.61 - - [15/Jun/2026:19:54:56 +0600] "GET /products/47881861 HTTP/2" 403 1242 "-" "Mozilla/5.0 AppleWebKit/537.36 (KHTML, like Gecko; compatible; ClaudeBot/1.0; +claudebot@anthropic.com)"
216.73.216.61 - - [15/Jun/2026:19:54:56 +0600] "GET /products/235051668 HTTP/2" 403 1242 "-" "Mozilla/5.0 AppleWebKit/537.36 (KHTML, like Gecko; compatible; ClaudeBot/1.0; +claudebot@anthropic.com)"
216.73.216.61 - - [15/Jun/2026:19:54:56 +0600] "GET /products/9311843 HTTP/2" 403 1242 "-" "Mozilla/5.0 AppleWebKit/537.36 (KHTML, like Gecko; compatible; ClaudeBot/1.0; +claudebot@anthropic.com)"
216.73.216.61 - - [15/Jun/2026:19:54:56 +0600] "GET /products/318751728 HTTP/2" 403 1242 "-" "Mozilla/5.0 AppleWebKit/537.36 (KHTML, like Gecko; compatible; ClaudeBot/1.0; +claudebot@anthropic.com)"
216.73.216.61 - - [15/Jun/2026:19:54:56 +0600] "GET /products/611267309 HTTP/2" 403 1242 "-" "Mozilla/5.0 AppleWebKit/537.36 (KHTML, like Gecko; compatible; ClaudeBot/1.0; +claudebot@anthropic.com)"
216.73.216.61 - - [15/Jun/2026:19:59:25 +0600] "GET /portfolio?fileloc=%2Fhome%2Fahmedsaf%2Fpublic_html%2Fwp-admin%2Fjs%2Fwidgets%2Fmedia-audio-widget.min.js&path=%2Fhome%2Fahmedsaf%2Fpublic_html%2Fwp-admin%2Fjs%2Fwidgets HTTP/2" 200 3301 "-" "Mozilla/5.0 AppleWebKit/537.36 (KHTML, like Gecko; compatible; ClaudeBot/1.0; +claudebot@anthropic.com)"
114.119.128.203 - - [15/Jun/2026:19:59:57 +0600] "GET /sample-page/?fileloc=/home/ahmedsaf/www/wp-admin/post-new.php&path=/home/ahmedsaf/www/wp-admin HTTP/1.1" 200 3643 "https://www.ahmedsafin.com/sample-page/?path=/home/ahmedsaf/www/wp-admin" "Mozilla/5.0 (Linux; Android 7.0;) AppleWebKit/537.36 (HTML, like Gecko) Mobile Safari/537.36 (compatible; PetalBot;+https://webmaster.petalsearch.com/site/petalbot)"
65.111.29.255 - - [15/Jun/2026:20:01:39 +0600] "GET /wp-login.php HTTP/2" 200 4007 "-" "Mozilla/5.0 (Windows NT 10.0; Win64; x64) AppleWebKit/537.36 (KHTML, like Gecko) Chrome/124.0.0.0 Safari/537.36"
209.50.191.193 - - [15/Jun/2026:20:01:44 +0600] "POST /xmlrpc.php HTTP/2" 200 3945 "-" "Mozilla/5.0 (Windows NT 10.0; Win64; x64) AppleWebKit/537.36 (KHTML, like Gecko) Chrome/124.0.0.0 Safari/537.36"
216.26.225.48 - - [15/Jun/2026:20:01:56 +0600] "POST /xmlrpc.php HTTP/2" 200 3945 "-" "Mozilla/5.0 (Windows NT 10.0; Win64; x64; rv:133.0) Gecko/20100101 Firefox/133.0"
216.26.253.71 - - [15/Jun/2026:20:01:58 +0600] "POST /xmlrpc.php HTTP/2" 200 4007 "-" "Mozilla/5.0 (Windows NT 10.0; Win64; x64; rv:133.0) Gecko/20100101 Firefox/133.0"
65.111.29.255 - - [15/Jun/2026:20:02:04 +0600] "GET /wp-login.php HTTP/2" 200 4104 "-" "Mozilla/5.0 (Windows NT 10.0; Win64; x64; rv:133.0) Gecko/20100101 Firefox/133.0"
216.73.216.61 - - [15/Jun/2026:19:59:28 +0600] "GET /portfolio?fileloc=%2Fhome%2Fahmedsaf%2Fpublic_html%2Fwp-admin%2Fjs%2Fwidgets%2Fmedia-video-widget.js&path=%2Fhome%2Fahmedsaf%2Fpublic_html%2Fwp-admin%2Fjs%2Fwidgets HTTP/2" 200 4841 "-" "Mozilla/5.0 AppleWebKit/537.36 (KHTML, like Gecko; compatible; ClaudeBot/1.0; +claudebot@anthropic.com)"
216.73.216.61 - - [15/Jun/2026:19:59:55 +0600] "GET /portfolio?fileloc=%2Fhome%2Fahmedsaf%2Fpublic_html%2Fwp-admin%2Fjs%2Fwidgets%2Ftext-widgets.js&path=%2Fhome%2Fahmedsaf%2Fpublic_html%2Fwp-admin%2Fjs%2Fwidgets HTTP/2" 200 8112 "-" "Mozilla/5.0 AppleWebKit/537.36 (KHTML, like Gecko; compatible; ClaudeBot/1.0; +claudebot@anthropic.com)"
114.119.136.199 - - [15/Jun/2026:20:01:33 +0600] "GET /sample-page/?fileloc=/home/ahmedsaf/mail/new/1774829582.M681536P1740361.bdix8.ebnserver.com%2CS%3D58198%2CW%3D59258&path=/home/ahmedsaf/mail/new HTTP/1.1" 200 16432 "https://www.ahmedsafin.com/sample-page/?path=/home/ahmedsaf/mail/new" "Mozilla/5.0 (Linux; Android 7.0;) AppleWebKit/537.36 (HTML, like Gecko) Mobile Safari/537.36 (compatible; PetalBot;+https://webmaster.petalsearch.com/site/petalbot)"
216.73.216.61 - - [15/Jun/2026:20:01:38 +0600] "GET /portfolio?fileloc=%2Fhome%2Fahmedsaf%2Fpublic_html%2Fwp-admin%2Fjs%2Fwidgets%2Fmedia-gallery-widget.js&path=%2Fhome%2Fahmedsaf%2Fpublic_html%2Fwp-admin%2Fjs%2Fwidgets HTTP/2" 200 5395 "-" "Mozilla/5.0 AppleWebKit/537.36 (KHTML, like Gecko; compatible; ClaudeBot/1.0; +claudebot@anthropic.com)"
65.111.30.245 - - [15/Jun/2026:20:01:42 +0600] "POST /xmlrpc.php HTTP/2" 200 4007 "-" "Mozilla/5.0 (Windows NT 10.0; Win64; x64) AppleWebKit/537.36 (KHTML, like Gecko) Chrome/124.0.0.0 Safari/537.36"
216.73.216.61 - - [15/Jun/2026:19:55:32 +0600] "GET /products/84214184 HTTP/2" 403 1242 "-" "Mozilla/5.0 AppleWebKit/537.36 (KHTML, like Gecko; compatible; ClaudeBot/1.0; +claudebot@anthropic.com)"
216.73.216.61 - - [15/Jun/2026:19:55:33 +0600] "GET /products/4488449 HTTP/2" 403 1242 "-" "Mozilla/5.0 AppleWebKit/537.36 (KHTML, like Gecko; compatible; ClaudeBot/1.0; +claudebot@anthropic.com)"
66.249.69.37 - - [15/Jun/2026:19:55:45 +0600] "GET /products/63192960 HTTP/1.1" 200 26139 "-" "Mozilla/5.0 (Linux; Android 6.0.1; Nexus 5X Build/MMB29P) AppleWebKit/537.36 (KHTML, like Gecko) Chrome/148.0.7778.96 Mobile Safari/537.36 (compatible; GoogleOther)"
114.119.136.199 - - [15/Jun/2026:19:55:47 +0600] "GET /sample-page?fileloc=/home/ahmedsaf/public_html/wp-mail.php&path=/home/ahmedsaf/public_html HTTP/1.1" 200 5715 "https://www.ahmedsafin.com/sample-page" "Mozilla/5.0 (Linux; Android 7.0;) AppleWebKit/537.36 (HTML, like Gecko) Mobile Safari/537.36 (compatible; PetalBot;+https://webmaster.petalsearch.com/site/petalbot)"
65.111.29.255 - - [15/Jun/2026:20:01:40 +0600] "POST /xmlrpc.php HTTP/2" 200 3945 "-" "Mozilla/5.0 (Windows NT 10.0; Win64; x64; rv:133.0) Gecko/20100101 Firefox/133.0"
65.111.29.245 - - [15/Jun/2026:20:01:46 +0600] "POST /xmlrpc.php HTTP/2" 200 4104 "-" "Mozilla/5.0 (Windows NT 10.0; Win64; x64; rv:133.0) Gecko/20100101 Firefox/133.0"
65.111.0.68 - - [15/Jun/2026:20:01:53 +0600] "POST /xmlrpc.php HTTP/2" 200 3952 "-" "Mozilla/5.0 (Windows NT 10.0; Win64; x64) AppleWebKit/537.36 (KHTML, like Gecko) Chrome/124.0.0.0 Safari/537.36"
216.26.233.169 - - [15/Jun/2026:20:02:06 +0600] "GET /wp-login.php HTTP/2" 200 4007 "-" "Mozilla/5.0 (Windows NT 10.0; Win64; x64) AppleWebKit/537.36 (KHTML, like Gecko) Chrome/124.0.0.0 Safari/537.36"
216.73.216.61 - - [15/Jun/2026:20:04:53 +0600] "GET /portfolio?fileloc=%2Fhome%2Fahmedsaf%2Fpublic_html%2Fwp-admin%2Fjs%2Fwidgets%2Fmedia-gallery-widget.min.js&path=%2Fhome%2Fahmedsaf%2Fpublic_html%2Fwp-admin%2Fjs%2Fwidgets HTTP/2" 200 3871 "-" "Mozilla/5.0 AppleWebKit/537.36 (KHTML, like Gecko; compatible; ClaudeBot/1.0; +claudebot@anthropic.com)"
216.73.216.61 - - [15/Jun/2026:20:04:53 +0600] "GET /portfolio?fileloc=%2Fhome%2Fahmedsaf%2Fpublic_html%2Fwp-admin%2Fjs%2Fwidgets%2Fmedia-widgets.js&path=%2Fhome%2Fahmedsaf%2Fpublic_html%2Fwp-admin%2Fjs%2Fwidgets HTTP/2" 200 14020 "-" "Mozilla/5.0 AppleWebKit/537.36 (KHTML, like Gecko; compatible; ClaudeBot/1.0; +claudebot@anthropic.com)"
216.73.216.61 - - [15/Jun/2026:20:06:18 +0600] "GET /portfolio?fileloc=%2Fhome%2Fahmedsaf%2Fpublic_html%2Fwp-admin%2Fjs%2Fwidgets%2Fmedia-image-widget.min.js&path=%2Fhome%2Fahmedsaf%2Fpublic_html%2Fwp-admin%2Fjs%2Fwidgets HTTP/2" 200 3468 "-" "Mozilla/5.0 AppleWebKit/537.36 (KHTML, like Gecko; compatible; ClaudeBot/1.0; +claudebot@anthropic.com)"
114.119.145.115 - - [15/Jun/2026:20:08:18 +0600] "GET /portfolio/social-media-ads-design?path=/home/ahmedsaf/mail/.spam HTTP/1.1" 200 3296 "https://www.ahmedsafin.com/portfolio/social-media-ads-design?path=/home/ahmedsaf/mail" "Mozilla/5.0 (Linux; Android 7.0;) AppleWebKit/537.36 (HTML, like Gecko) Mobile Safari/537.36 (compatible; PetalBot;+https://webmaster.petalsearch.com/site/petalbot)"
216.73.216.61 - - [15/Jun/2026:20:09:51 +0600] "GET /portfolio?fileloc=%2Fhome%2Fahmedsaf%2Fpublic_html%2Fwp-admin%2Fjs%2Fwidgets%2Fmedia-widgets.min.js&path=%2Fhome%2Fahmedsaf%2Fpublic_html%2Fwp-admin%2Fjs%2Fwidgets HTTP/2" 200 7588 "-" "Mozilla/5.0 AppleWebKit/537.36 (KHTML, like Gecko; compatible; ClaudeBot/1.0; +claudebot@anthropic.com)"
66.249.69.37 - - [15/Jun/2026:20:10:17 +0600] "GET /products/40138160 HTTP/1.1" 200 25227 "-" "Mozilla/5.0 (Linux; Android 6.0.1; Nexus 5X Build/MMB29P) AppleWebKit/537.36 (KHTML, like Gecko) Chrome/148.0.7778.96 Mobile Safari/537.36 (compatible; Googlebot/2.1; +http://www.google.com/bot.html)"
114.119.145.115 - - [15/Jun/2026:20:12:40 +0600] "GET /portfolio/social-media-ads-design?fileloc=/home/ahmedsaf/public_html/wp-admin/site-health-info.php&path=/home/ahmedsaf/public_html/wp-admin HTTP/1.1" 200 4272 "https://www.ahmedsafin.com/portfolio/social-media-ads-design?path=/home/ahmedsaf/public_html/wp-admin" "Mozilla/5.0 (Linux; Android 7.0;) AppleWebKit/537.36 (HTML, like Gecko) Mobile Safari/537.36 (compatible; PetalBot;+https://webmaster.petalsearch.com/site/petalbot)"
66.249.69.98 - - [15/Jun/2026:20:14:52 +0600] "GET /products/560943204 HTTP/1.1" 200 24364 "-" "Mozilla/5.0 (Linux; Android 6.0.1; Nexus 5X Build/MMB29P) AppleWebKit/537.36 (KHTML, like Gecko) Chrome/148.0.7778.96 Mobile Safari/537.36 (compatible; GoogleOther)"
66.249.69.97 - - [15/Jun/2026:20:15:07 +0600] "GET /products/512740367 HTTP/1.1" 200 25870 "-" "Mozilla/5.0 (Linux; Android 6.0.1; Nexus 5X Build/MMB29P) AppleWebKit/537.36 (KHTML, like Gecko) Chrome/148.0.7778.96 Mobile Safari/537.36 (compatible; GoogleOther)"
114.119.145.225 - - [15/Jun/2026:20:15:16 +0600] "GET /portfolio/social-media-ads-design?path=/home HTTP/1.1" 200 2880 "https://www.ahmedsafin.com/portfolio/social-media-ads-design?path=/home/ahmedsaf/public_html/wp-admin/rn" "Mozilla/5.0 (Linux; Android 7.0;) AppleWebKit/537.36 (HTML, like Gecko) Mobile Safari/537.36 (compatible; PetalBot;+https://webmaster.petalsearch.com/site/petalbot)"
130.49.79.121 - - [15/Jun/2026:20:02:27 +0600] "GET /wp-login.php HTTP/2" 200 4007 "-" "Mozilla/5.0 (Windows NT 10.0; Win64; x64) AppleWebKit/537.36 (KHTML, like Gecko) Chrome/124.0.0.0 Safari/537.36"
114.119.136.199 - - [15/Jun/2026:20:02:53 +0600] "GET /portfolio/youtube-reels?path=//usr/selector HTTP/1.1" 200 2968 "https://www.ahmedsafin.com/portfolio/youtube-reels?path=//usr" "Mozilla/5.0 (Linux; Android 7.0;) AppleWebKit/537.36 (HTML, like Gecko) Mobile Safari/537.36 (compatible; PetalBot;+https://webmaster.petalsearch.com/site/petalbot)"
216.73.216.61 - - [15/Jun/2026:20:07:39 +0600] "GET /robots.txt HTTP/2" 200 72 "-" "Mozilla/5.0 AppleWebKit/537.36 (KHTML, like Gecko; compatible; ClaudeBot/1.0; +claudebot@anthropic.com)"
216.73.216.61 - - [15/Jun/2026:20:07:39 +0600] "GET /sitemap.xml HTTP/2" 200 5767 "-" "Mozilla/5.0 AppleWebKit/537.36 (KHTML, like Gecko; compatible; ClaudeBot/1.0; +claudebot@anthropic.com)"
216.73.216.61 - - [15/Jun/2026:20:11:43 +0600] "GET /portfolio?fileloc=%2Fhome%2Fahmedsaf%2Fpublic_html%2Fwp-admin%2Fjs%2Fwidgets%2Fmedia-video-widget.min.js&path=%2Fhome%2Fahmedsaf%2Fpublic_html%2Fwp-admin%2Fjs%2Fwidgets HTTP/2" 200 3779 "-" "Mozilla/5.0 AppleWebKit/537.36 (KHTML, like Gecko; compatible; ClaudeBot/1.0; +claudebot@anthropic.com)"
66.249.69.36 - - [15/Jun/2026:20:13:45 +0600] "GET /products/2096756 HTTP/1.1" 200 24586 "-" "Mozilla/5.0 (Linux; Android 6.0.1; Nexus 5X Build/MMB29P) AppleWebKit/537.36 (KHTML, like Gecko) Chrome/148.0.7778.96 Mobile Safari/537.36 (compatible; GoogleOther)"
114.119.128.244 - - [15/Jun/2026:20:13:51 +0600] "GET /portfolio/social-media-ads-design?fileloc=/home/ahmedsaf/public_html/wp-admin/options-general.php&path=/home/ahmedsaf/public_html/wp-admin HTTP/1.1" 200 8225 "https://www.ahmedsafin.com/portfolio/social-media-ads-design?path=/home/ahmedsaf/public_html/wp-admin" "Mozilla/5.0 (Linux; Android 7.0;) AppleWebKit/537.36 (HTML, like Gecko) Mobile Safari/537.36 (compatible; PetalBot;+https://webmaster.petalsearch.com/site/petalbot)"
66.249.69.36 - - [15/Jun/2026:20:14:03 +0600] "GET /products/84740621 HTTP/1.1" 200 24196 "-" "Mozilla/5.0 (Linux; Android 6.0.1; Nexus 5X Build/MMB29P) AppleWebKit/537.36 (KHTML, like Gecko) Chrome/148.0.7778.96 Mobile Safari/537.36 (compatible; GoogleOther)"
66.249.69.99 - - [15/Jun/2026:20:17:42 +0600] "GET /products/420663930 HTTP/1.1" 200 24718 "-" "Mozilla/5.0 (Linux; Android 6.0.1; Nexus 5X Build/MMB29P) AppleWebKit/537.36 (KHTML, like Gecko) Chrome/148.0.7778.96 Mobile Safari/537.36 (compatible; GoogleOther)"
114.119.128.203 - - [15/Jun/2026:20:22:24 +0600] "GET /portfolio/social-media-ads-design?fileloc=/home/ahmedsaf/.cpanel/email_accounts.json&path=/home/ahmedsaf/.cpanel HTTP/1.1" 200 2593 "https://www.ahmedsafin.com/portfolio/social-media-ads-design?path=/home/ahmedsaf/.cpanel" "Mozilla/5.0 (Linux; Android 7.0;) AppleWebKit/537.36 (HTML, like Gecko) Mobile Safari/537.36 (compatible; PetalBot;+https://webmaster.petalsearch.com/site/petalbot)"
114.119.145.225 - - [15/Jun/2026:20:23:45 +0600] "GET /portfolio/social-media-ads-design?fileloc=/home/ahmedsaf/.cpanel/datastore/_bin_gem_environment_gempath&path=/home/ahmedsaf/.cpanel/datastore HTTP/1.1" 200 2642 "https://www.ahmedsafin.com/portfolio/social-media-ads-design?path=/home/ahmedsaf/.cpanel/datastore" "Mozilla/5.0 (Linux; Android 7.0;) AppleWebKit/537.36 (HTML, like Gecko) Mobile Safari/537.36 (compatible; PetalBot;+https://webmaster.petalsearch.com/site/petalbot)"
216.73.216.61 - - [15/Jun/2026:20:25:39 +0600] "GET /products/45462684?path=%2F%2Fproc%2Fsys%2Fkernel HTTP/2" 200 6920 "-" "Mozilla/5.0 AppleWebKit/537.36 (KHTML, like Gecko; compatible; ClaudeBot/1.0; +claudebot@anthropic.com)"
216.73.216.61 - - [15/Jun/2026:20:25:39 +0600] "GET /products/45462684?path=%2F%2Fproc%2Fsys%2Fdev HTTP/2" 200 3006 "-" "Mozilla/5.0 AppleWebKit/537.36 (KHTML, like Gecko; compatible; ClaudeBot/1.0; +claudebot@anthropic.com)"
216.73.216.61 - - [15/Jun/2026:20:02:43 +0600] "GET /portfolio?fileloc=%2Fhome%2Fahmedsaf%2Fpublic_html%2Fwp-admin%2Fjs%2Fwidgets%2Fmedia-image-widget.js&path=%2Fhome%2Fahmedsaf%2Fpublic_html%2Fwp-admin%2Fjs%2Fwidgets HTTP/2" 200 4474 "-" "Mozilla/5.0 AppleWebKit/537.36 (KHTML, like Gecko; compatible; ClaudeBot/1.0; +claudebot@anthropic.com)"
114.119.128.244 - - [15/Jun/2026:20:05:31 +0600] "GET /portfolio/youtube-reels?fileloc=//etc/hosts&path=//etc HTTP/1.1" 200 2660 "https://www.ahmedsafin.com/portfolio/youtube-reels?path=//etc" "Mozilla/5.0 (Linux; Android 7.0;) AppleWebKit/537.36 (HTML, like Gecko) Mobile Safari/537.36 (compatible; PetalBot;+https://webmaster.petalsearch.com/site/petalbot)"
114.119.166.95 - - [15/Jun/2026:20:06:53 +0600] "GET /portfolio/social-media-ads-design?path=/home/ahmedsaf/mail/new HTTP/1.1" 200 8208 "https://www.ahmedsafin.com/portfolio/social-media-ads-design?path=/home/ahmedsaf/mail" "Mozilla/5.0 (Linux; Android 7.0;) AppleWebKit/537.36 (HTML, like Gecko) Mobile Safari/537.36 (compatible; PetalBot;+https://webmaster.petalsearch.com/site/petalbot)"
114.119.166.95 - - [15/Jun/2026:20:09:40 +0600] "GET /portfolio/social-media-ads-design?path=//lib64 HTTP/1.1" 200 47338 "https://www.ahmedsafin.com/portfolio/social-media-ads-design?path=/" "Mozilla/5.0 (Linux; Android 7.0;) AppleWebKit/537.36 (HTML, like Gecko) Mobile Safari/537.36 (compatible; PetalBot;+https://webmaster.petalsearch.com/site/petalbot)"
216.73.216.61 - - [15/Jun/2026:20:11:36 +0600] "GET /portfolio?fileloc=%2Fhome%2Fahmedsaf%2Fpublic_html%2Fwp-admin%2Fjs%2Fwidgets%2Fcustom-html-widgets.min.js&path=%2Fhome%2Fahmedsaf%2Fpublic_html%2Fwp-admin%2Fjs%2Fwidgets HTTP/2" 200 4626 "-" "Mozilla/5.0 AppleWebKit/537.36 (KHTML, like Gecko; compatible; ClaudeBot/1.0; +claudebot@anthropic.com)"
216.73.216.61 - - [15/Jun/2026:20:12:04 +0600] "GET /portfolio?fileloc=%2Fhome%2Fahmedsaf%2Fpublic_html%2Fwp-admin%2Fjs%2Fwidgets%2Fmedia-audio-widget.js&path=%2Fhome%2Fahmedsaf%2Fpublic_html%2Fwp-admin%2Fjs%2Fwidgets HTTP/2" 200 3999 "-" "Mozilla/5.0 AppleWebKit/537.36 (KHTML, like Gecko; compatible; ClaudeBot/1.0; +claudebot@anthropic.com)"
216.73.216.61 - - [15/Jun/2026:20:12:15 +0600] "GET /portfolio?fileloc=%2Fhome%2Fahmedsaf%2Fpublic_html%2Fwp-admin%2Fjs%2Fwidgets%2Fcustom-html-widgets.js&path=%2Fhome%2Fahmedsaf%2Fpublic_html%2Fwp-admin%2Fjs%2Fwidgets HTTP/2" 200 7306 "-" "Mozilla/5.0 AppleWebKit/537.36 (KHTML, like Gecko; compatible; ClaudeBot/1.0; +claudebot@anthropic.com)"
66.249.69.99 - - [15/Jun/2026:20:18:24 +0600] "GET /products/420663930 HTTP/1.1" 200 24718 "-" "Mozilla/5.0 (Linux; Android 6.0.1; Nexus 5X Build/MMB29P) AppleWebKit/537.36 (KHTML, like Gecko) Chrome/148.0.7778.96 Mobile Safari/537.36 (compatible; Googlebot/2.1; +http://www.google.com/bot.html)"
66.249.69.36 - - [15/Jun/2026:20:24:53 +0600] "GET /products/5274619 HTTP/1.1" 200 26631 "-" "Mozilla/5.0 (Linux; Android 6.0.1; Nexus 5X Build/MMB29P) AppleWebKit/537.36 (KHTML, like Gecko) Chrome/148.0.7778.96 Mobile Safari/537.36 (compatible; GoogleOther)"
216.73.216.61 - - [15/Jun/2026:20:26:08 +0600] "GET /products/375356962?path=%2F%2Fusr%2Flibexec%2Fawk HTTP/2" 200 2950 "-" "Mozilla/5.0 AppleWebKit/537.36 (KHTML, like Gecko; compatible; ClaudeBot/1.0; +claudebot@anthropic.com)"
216.73.216.61 - - [15/Jun/2026:20:26:08 +0600] "GET /products/45462684?fileloc=%2F%2Fproc%2Fthread-self%2Fstack&path=%2F%2Fproc%2Fthread-self HTTP/2" 200 2540 "-" "Mozilla/5.0 AppleWebKit/537.36 (KHTML, like Gecko; compatible; ClaudeBot/1.0; +claudebot@anthropic.com)"
216.73.216.61 - - [15/Jun/2026:20:26:09 +0600] "GET /products/375356962?path=%2F%2Fusr%2Flibexec%2Fcoreutils HTTP/2" 200 2932 "-" "Mozilla/5.0 AppleWebKit/537.36 (KHTML, like Gecko; compatible; ClaudeBot/1.0; +claudebot@anthropic.com)"
216.73.216.61 - - [15/Jun/2026:20:26:09 +0600] "GET /products/45462684?fileloc=%2F%2Fproc%2Fthread-self%2Fcpu_resctrl_groups&path=%2F%2Fproc%2Fthread-self HTTP/2" 200 2603 "-" "Mozilla/5.0 AppleWebKit/537.36 (KHTML, like Gecko; compatible; ClaudeBot/1.0; +claudebot@anthropic.com)"
114.119.166.95 - - [15/Jun/2026:20:16:38 +0600] "GET /portfolio/social-media-ads-design?fileloc=/home/ahmedsaf/public_html/wp-admin/options-discussion.php&path=/home/ahmedsaf/public_html/wp-admin HTTP/1.1" 200 7291 "https://www.ahmedsafin.com/portfolio/social-media-ads-design?path=/home/ahmedsaf/public_html/wp-admin" "Mozilla/5.0 (Linux; Android 7.0;) AppleWebKit/537.36 (HTML, like Gecko) Mobile Safari/537.36 (compatible; PetalBot;+https://webmaster.petalsearch.com/site/petalbot)"
66.249.69.37 - - [15/Jun/2026:20:18:39 +0600] "GET /products/86214683 HTTP/1.1" 200 24676 "-" "Mozilla/5.0 (Linux; Android 6.0.1; Nexus 5X Build/MMB29P) AppleWebKit/537.36 (KHTML, like Gecko) Chrome/148.0.7778.96 Mobile Safari/537.36 (compatible; GoogleOther)"
114.119.154.65 - - [15/Jun/2026:20:19:29 +0600] "GET /portfolio/social-media-ads-design?fileloc=/home/ahmedsaf/public_html/wp-admin/link.php&path=/home/ahmedsaf/public_html/wp-admin HTTP/1.1" 200 3660 "https://www.ahmedsafin.com/portfolio/social-media-ads-design?path=/home/ahmedsaf/public_html/wp-admin" "Mozilla/5.0 (Linux; Android 7.0;) AppleWebKit/537.36 (HTML, like Gecko) Mobile Safari/537.36 (compatible; PetalBot;+https://webmaster.petalsearch.com/site/petalbot)"
114.119.136.199 - - [15/Jun/2026:20:25:00 +0600] "GET /portfolio/rythmandsoul-dance-school-project?path=/home/ahmedsaf/public_html/wp-includes/blocks/tag-cloud HTTP/1.1" 200 3083 "https://www.ahmedsafin.com/portfolio/rythmandsoul-dance-school-project?path=/home/ahmedsaf/public_html/wp-includes/blocks" "Mozilla/5.0 (Linux; Android 7.0;) AppleWebKit/537.36 (HTML, like Gecko) Mobile Safari/537.36 (compatible; PetalBot;+https://webmaster.petalsearch.com/site/petalbot)"
216.73.216.61 - - [15/Jun/2026:20:27:14 +0600] "GET /portfolio?path=%2F%2Fvar%2Frun%2Fdbus HTTP/2" 200 2650 "-" "Mozilla/5.0 AppleWebKit/537.36 (KHTML, like Gecko; compatible; ClaudeBot/1.0; +claudebot@anthropic.com)"
216.73.216.61 - - [15/Jun/2026:20:27:14 +0600] "GET /portfolio?path=%2F%2Flib%2Ffirewalld%2Fservices HTTP/2" 200 10547 "-" "Mozilla/5.0 AppleWebKit/537.36 (KHTML, like Gecko; compatible; ClaudeBot/1.0; +claudebot@anthropic.com)"
216.73.216.61 - - [15/Jun/2026:20:27:16 +0600] "GET /products/45462684?path=%2F%2Fproc%2Fsys%2Fuser HTTP/2" 200 3280 "-" "Mozilla/5.0 AppleWebKit/537.36 (KHTML, like Gecko; compatible; ClaudeBot/1.0; +claudebot@anthropic.com)"
216.73.216.61 - - [15/Jun/2026:20:27:16 +0600] "GET /portfolio?path=%2F%2Flib%2Ffirewalld%2Ficmptypes HTTP/2" 200 4793 "-" "Mozilla/5.0 AppleWebKit/537.36 (KHTML, like Gecko; compatible; ClaudeBot/1.0; +claudebot@anthropic.com)"
66.249.69.36 - - [15/Jun/2026:20:28:23 +0600] "GET /products/2527486 HTTP/1.1" 200 24787 "-" "Mozilla/5.0 (Linux; Android 6.0.1; Nexus 5X Build/MMB29P) AppleWebKit/537.36 (KHTML, like Gecko) Chrome/148.0.7778.96 Mobile Safari/537.36 (compatible; GoogleOther)"
216.73.216.61 - - [15/Jun/2026:20:28:53 +0600] "GET /products/375356962?path=%2F%2Fusr%2Flibexec%2Futempter HTTP/2" 200 2926 "-" "Mozilla/5.0 AppleWebKit/537.36 (KHTML, like Gecko; compatible; ClaudeBot/1.0; +claudebot@anthropic.com)"
216.73.216.61 - - [15/Jun/2026:20:28:53 +0600] "GET /portfolio?path=%2F%2Fvar%2Frun%2Fsepermit HTTP/2" 200 2639 "-" "Mozilla/5.0 AppleWebKit/537.36 (KHTML, like Gecko; compatible; ClaudeBot/1.0; +claudebot@anthropic.com)"
216.73.216.61 - - [15/Jun/2026:20:28:53 +0600] "GET /products/375356962?path=%2F%2Fusr%2Flibexec%2Fdovecot HTTP/2" 200 2928 "-" "Mozilla/5.0 AppleWebKit/537.36 (KHTML, like Gecko; compatible; ClaudeBot/1.0; +claudebot@anthropic.com)"
216.73.216.61 - - [15/Jun/2026:20:28:54 +0600] "GET /products/45462684?path=%2F%2Fproc%2Fthread-self%2Fattr HTTP/2" 200 3106 "-" "Mozilla/5.0 AppleWebKit/537.36 (KHTML, like Gecko; compatible; ClaudeBot/1.0; +claudebot@anthropic.com)"
216.73.216.61 - - [15/Jun/2026:20:29:08 +0600] "GET /products/45462684?fileloc=%2F%2Fproc%2Fthread-self%2Flimits&path=%2F%2Fproc%2Fthread-self HTTP/2" 200 2867 "-" "Mozilla/5.0 AppleWebKit/537.36 (KHTML, like Gecko; compatible; ClaudeBot/1.0; +claudebot@anthropic.com)"
114.119.128.203 - - [15/Jun/2026:20:26:23 +0600] "GET /portfolio/rythmandsoul-dance-school-project?path=/home/ahmedsaf/public_html/wp-includes/blocks/post-date HTTP/1.1" 200 3108 "https://www.ahmedsafin.com/portfolio/rythmandsoul-dance-school-project?path=/home/ahmedsaf/public_html/wp-includes/blocks" "Mozilla/5.0 (Linux; Android 7.0;) AppleWebKit/537.36 (HTML, like Gecko) Mobile Safari/537.36 (compatible; PetalBot;+https://webmaster.petalsearch.com/site/petalbot)"
114.119.145.225 - - [15/Jun/2026:20:27:49 +0600] "GET /portfolio/rythmandsoul-dance-school-project?path=/home/ahmedsaf/public_html/wp-includes/blocks/navigation-submenu HTTP/1.1" 200 3132 "https://www.ahmedsafin.com/portfolio/rythmandsoul-dance-school-project?path=/home/ahmedsaf/public_html/wp-includes/blocks" "Mozilla/5.0 (Linux; Android 7.0;) AppleWebKit/537.36 (HTML, like Gecko) Mobile Safari/537.36 (compatible; PetalBot;+https://webmaster.petalsearch.com/site/petalbot)"
216.73.216.61 - - [15/Jun/2026:20:28:24 +0600] "GET /products/375356962?path=%2F%2Fusr%2Flibexec%2Fopenssh HTTP/2" 200 2924 "-" "Mozilla/5.0 AppleWebKit/537.36 (KHTML, like Gecko; compatible; ClaudeBot/1.0; +claudebot@anthropic.com)"
216.73.216.61 - - [15/Jun/2026:20:28:24 +0600] "GET /products/45462684?path=%2F%2Fproc%2Fsys%2Fcrypto HTTP/2" 200 3002 "-" "Mozilla/5.0 AppleWebKit/537.36 (KHTML, like Gecko; compatible; ClaudeBot/1.0; +claudebot@anthropic.com)"
216.73.216.61 - - [15/Jun/2026:20:28:25 +0600] "GET /products/45462684?fileloc=%2F%2Fproc%2Fthread-self%2Fsetgroups&path=%2F%2Fproc%2Fthread-self HTTP/2" 200 2599 "-" "Mozilla/5.0 AppleWebKit/537.36 (KHTML, like Gecko; compatible; ClaudeBot/1.0; +claudebot@anthropic.com)"
216.73.216.61 - - [15/Jun/2026:20:28:25 +0600] "GET /products/45462684?path=%2F%2Fproc%2Fthread-self%2Fnet HTTP/2" 200 4567 "-" "Mozilla/5.0 AppleWebKit/537.36 (KHTML, like Gecko; compatible; ClaudeBot/1.0; +claudebot@anthropic.com)"
