216.73.216.61 - - [15/Jun/2026:18:22:49 +0600] "GET /products/506276563?fileloc=%2Fhome%2Fahmedsaf%2F.gemrc&path=%2Fhome%2Fahmedsaf HTTP/2" 403 1242 "-" "Mozilla/5.0 AppleWebKit/537.36 (KHTML, like Gecko; compatible; ClaudeBot/1.0; +claudebot@anthropic.com)"
216.73.216.61 - - [15/Jun/2026:18:22:49 +0600] "GET /products/496523197?fileloc=%2Fhome%2Fahmedsaf%2F.gemrc&path=%2Fhome%2Fahmedsaf HTTP/2" 403 1242 "-" "Mozilla/5.0 AppleWebKit/537.36 (KHTML, like Gecko; compatible; ClaudeBot/1.0; +claudebot@anthropic.com)"
216.73.216.61 - - [15/Jun/2026:18:22:49 +0600] "GET /products/53730040?fileloc=%2Fhome%2Fahmedsaf%2F.gemrc&path=%2Fhome%2Fahmedsaf HTTP/2" 403 1242 "-" "Mozilla/5.0 AppleWebKit/537.36 (KHTML, like Gecko; compatible; ClaudeBot/1.0; +claudebot@anthropic.com)"
216.73.216.61 - - [15/Jun/2026:18:22:50 +0600] "GET /products/552675197?fileloc=%2Fhome%2Fahmedsaf%2F.gemrc&path=%2Fhome%2Fahmedsaf HTTP/2" 403 1242 "-" "Mozilla/5.0 AppleWebKit/537.36 (KHTML, like Gecko; compatible; ClaudeBot/1.0; +claudebot@anthropic.com)"
216.73.216.61 - - [15/Jun/2026:18:22:50 +0600] "GET /sitemap.xml HTTP/2" 200 5814 "-" "Mozilla/5.0 AppleWebKit/537.36 (KHTML, like Gecko; compatible; ClaudeBot/1.0; +claudebot@anthropic.com)"
114.119.145.225 - - [15/Jun/2026:18:24:11 +0600] "GET /wp-admin/?fileloc=/home/ahmedsaf/public_html/wp-admin/update.php&path=/home/ahmedsaf/public_html/wp-admin HTTP/1.1" 200 5491 "https://www.ahmedsafin.com/wp-admin/?path=/home/ahmedsaf/public_html/wp-admin" "Mozilla/5.0 (Linux; Android 7.0;) AppleWebKit/537.36 (HTML, like Gecko) Mobile Safari/537.36 (compatible; PetalBot;+https://webmaster.petalsearch.com/site/petalbot)"
216.73.216.61 - - [15/Jun/2026:18:21:21 +0600] "GET /products/496523197?fileloc=%2Fhome%2Fahmedsaf%2F.bash_profile&path=%2Fhome%2Fahmedsaf HTTP/2" 403 1242 "-" "Mozilla/5.0 AppleWebKit/537.36 (KHTML, like Gecko; compatible; ClaudeBot/1.0; +claudebot@anthropic.com)"
216.73.216.61 - - [15/Jun/2026:18:21:21 +0600] "GET /products/552675197?fileloc=%2Fhome%2Fahmedsaf%2F.bashrc&path=%2Fhome%2Fahmedsaf HTTP/2" 403 1242 "-" "Mozilla/5.0 AppleWebKit/537.36 (KHTML, like Gecko; compatible; ClaudeBot/1.0; +claudebot@anthropic.com)"
216.73.216.61 - - [15/Jun/2026:18:21:21 +0600] "GET /products/53730040?fileloc=%2Fhome%2Fahmedsaf%2F.bashrc&path=%2Fhome%2Fahmedsaf HTTP/2" 403 1242 "-" "Mozilla/5.0 AppleWebKit/537.36 (KHTML, like Gecko; compatible; ClaudeBot/1.0; +claudebot@anthropic.com)"
216.73.216.61 - - [15/Jun/2026:18:21:21 +0600] "GET /products/552675197?fileloc=%2Fhome%2Fahmedsaf%2F.bash_profile&path=%2Fhome%2Fahmedsaf HTTP/2" 403 1242 "-" "Mozilla/5.0 AppleWebKit/537.36 (KHTML, like Gecko; compatible; ClaudeBot/1.0; +claudebot@anthropic.com)"
216.73.216.61 - - [15/Jun/2026:18:21:21 +0600] "GET /products/53730040?fileloc=%2Fhome%2Fahmedsaf%2F.bash_profile&path=%2Fhome%2Fahmedsaf HTTP/2" 403 1242 "-" "Mozilla/5.0 AppleWebKit/537.36 (KHTML, like Gecko; compatible; ClaudeBot/1.0; +claudebot@anthropic.com)"
216.73.216.61 - - [15/Jun/2026:18:21:21 +0600] "GET /products/11257942?fileloc=%2Fhome%2Fahmedsaf%2F.bashrc&path=%2Fhome%2Fahmedsaf HTTP/2" 403 1242 "-" "Mozilla/5.0 AppleWebKit/537.36 (KHTML, like Gecko; compatible; ClaudeBot/1.0; +claudebot@anthropic.com)"
216.73.216.61 - - [15/Jun/2026:18:21:22 +0600] "GET /products/85592624?fileloc=%2Fhome%2Fahmedsaf%2F.bashrc&path=%2Fhome%2Fahmedsaf HTTP/2" 403 1242 "-" "Mozilla/5.0 AppleWebKit/537.36 (KHTML, like Gecko; compatible; ClaudeBot/1.0; +claudebot@anthropic.com)"
216.73.216.61 - - [15/Jun/2026:18:21:22 +0600] "GET /products/4314473?fileloc=%2Fhome%2Fahmedsaf%2F.bashrc&path=%2Fhome%2Fahmedsaf HTTP/2" 403 1242 "-" "Mozilla/5.0 AppleWebKit/537.36 (KHTML, like Gecko; compatible; ClaudeBot/1.0; +claudebot@anthropic.com)"
216.73.216.61 - - [15/Jun/2026:18:21:22 +0600] "GET /products/11257942?fileloc=%2Fhome%2Fahmedsaf%2F.bash_profile&path=%2Fhome%2Fahmedsaf HTTP/2" 403 1242 "-" "Mozilla/5.0 AppleWebKit/537.36 (KHTML, like Gecko; compatible; ClaudeBot/1.0; +claudebot@anthropic.com)"
216.73.216.61 - - [15/Jun/2026:18:21:22 +0600] "GET /products/516565885?fileloc=%2Fhome%2Fahmedsaf%2F.bashrc&path=%2Fhome%2Fahmedsaf HTTP/2" 403 1242 "-" "Mozilla/5.0 AppleWebKit/537.36 (KHTML, like Gecko; compatible; ClaudeBot/1.0; +claudebot@anthropic.com)"
216.73.216.61 - - [15/Jun/2026:18:21:22 +0600] "GET /products/85592624?fileloc=%2Fhome%2Fahmedsaf%2F.bash_profile&path=%2Fhome%2Fahmedsaf HTTP/2" 403 1242 "-" "Mozilla/5.0 AppleWebKit/537.36 (KHTML, like Gecko; compatible; ClaudeBot/1.0; +claudebot@anthropic.com)"
216.73.216.61 - - [15/Jun/2026:18:21:22 +0600] "GET /products/3489191?fileloc=%2Fhome%2Fahmedsaf%2F.bashrc&path=%2Fhome%2Fahmedsaf HTTP/2" 403 1242 "-" "Mozilla/5.0 AppleWebKit/537.36 (KHTML, like Gecko; compatible; ClaudeBot/1.0; +claudebot@anthropic.com)"
114.119.145.225 - - [15/Jun/2026:18:22:47 +0600] "GET /wp-admin/?fileloc=/home/ahmedsaf/public_html/wp-admin/user-new.php&path=/home/ahmedsaf/public_html/wp-admin HTTP/1.1" 200 9638 "https://www.ahmedsafin.com/wp-admin/?path=/home/ahmedsaf/public_html/wp-admin" "Mozilla/5.0 (Linux; Android 7.0;) AppleWebKit/537.36 (HTML, like Gecko) Mobile Safari/537.36 (compatible; PetalBot;+https://webmaster.petalsearch.com/site/petalbot)"
66.249.69.98 - - [15/Jun/2026:18:24:45 +0600] "GET / HTTP/1.1" 200 24543 "-" "Mozilla/5.0 (Linux; Android 6.0.1; Nexus 5X Build/MMB29P) AppleWebKit/537.36 (KHTML, like Gecko) Chrome/148.0.7778.96 Mobile Safari/537.36 (compatible; GoogleOther)"
93.177.118.160 - - [15/Jun/2026:18:20:59 +0600] "GET /wp-login.php?wp_lang=en_US HTTP/2" 200 4040 "-" "Mozilla/5.0 (Macintosh; Intel Mac OS X 10_15_7) AppleWebKit/605.1.15 (KHTML, like Gecko) Version/18.0 Safari/605.1.15"
78.9.234.55 - - [15/Jun/2026:18:21:11 +0600] "GET /wp-login.php?wp_lang=en_US HTTP/2" 200 4022 "-" "Mozilla/5.0 (Windows NT 10.0; Win64; x64; rv:133.0) Gecko/20100101 Firefox/133.0"
66.249.69.99 - - [15/Jun/2026:18:22:54 +0600] "GET /information/privacy_policy.html HTTP/1.1" 200 25127 "-" "Mozilla/5.0 (Linux; Android 6.0.1; Nexus 5X Build/MMB29P) AppleWebKit/537.36 (KHTML, like Gecko) Chrome/148.0.7778.96 Mobile Safari/537.36 (compatible; GoogleOther)"
185.191.171.5 - - [15/Jun/2026:18:27:20 +0600] "GET /portfolio-category/user-interface-design/ HTTP/1.1" 200 5110 "-" "Mozilla/5.0 (compatible; SemrushBot/7~bl; +http://www.semrush.com/bot.html)"
114.119.166.95 - - [15/Jun/2026:18:28:22 +0600] "GET /wp-admin/?fileloc=/home/ahmedsaf/public_html/wp-admin/ms-options.php&path=/home/ahmedsaf/public_html/wp-admin HTTP/1.1" 200 2744 "https://www.ahmedsafin.com/wp-admin/?path=/home/ahmedsaf/public_html/wp-admin" "Mozilla/5.0 (Linux; Android 7.0;) AppleWebKit/537.36 (HTML, like Gecko) Mobile Safari/537.36 (compatible; PetalBot;+https://webmaster.petalsearch.com/site/petalbot)"
114.119.136.199 - - [15/Jun/2026:18:31:09 +0600] "GET /vavada-zerkalo-dlia-udobnogo-dostupa-k-igre/?path=/home/ahmedsaf/lscache HTTP/1.1" 200 2640 "https://www.ahmedsafin.com/vavada-zerkalo-dlia-udobnogo-dostupa-k-igre/?path=/home/ahmedsaf" "Mozilla/5.0 (Linux; Android 7.0;) AppleWebKit/537.36 (HTML, like Gecko) Mobile Safari/537.36 (compatible; PetalBot;+https://webmaster.petalsearch.com/site/petalbot)"
114.119.136.199 - - [15/Jun/2026:18:32:32 +0600] "GET /vavada-zerkalo-dlia-udobnogo-dostupa-k-igre/?path=/home/ahmedsaf/.softaculous HTTP/1.1" 200 3247 "https://www.ahmedsafin.com/vavada-zerkalo-dlia-udobnogo-dostupa-k-igre/?path=/home/ahmedsaf" "Mozilla/5.0 (Linux; Android 7.0;) AppleWebKit/537.36 (HTML, like Gecko) Mobile Safari/537.36 (compatible; PetalBot;+https://webmaster.petalsearch.com/site/petalbot)"
66.249.69.97 - - [15/Jun/2026:18:34:18 +0600] "GET /products/9415279 HTTP/1.1" 200 23886 "-" "Mozilla/5.0 (Linux; Android 6.0.1; Nexus 5X Build/MMB29P) AppleWebKit/537.36 (KHTML, like Gecko) Chrome/148.0.7778.96 Mobile Safari/537.36 (compatible; GoogleOther)"
114.119.136.199 - - [15/Jun/2026:18:40:20 +0600] "GET /sample-page?path=//var HTTP/1.1" 200 3173 "https://www.ahmedsafin.com/sample-page?path=/" "Mozilla/5.0 (Linux; Android 7.0;) AppleWebKit/537.36 (HTML, like Gecko) Mobile Safari/537.36 (compatible; PetalBot;+https://webmaster.petalsearch.com/site/petalbot)"
216.73.216.61 - - [15/Jun/2026:18:41:52 +0600] "GET /robots.txt HTTP/2" 200 72 "-" "Mozilla/5.0 AppleWebKit/537.36 (KHTML, like Gecko; compatible; ClaudeBot/1.0; +claudebot@anthropic.com)"
216.73.216.61 - - [15/Jun/2026:18:41:52 +0600] "GET /portfolio?fileloc=%2Fhome%2Fahmedsaf%2Fpublic_html%2Fwp-admin%2Fjs%2Fcode-editor.js&path=%2Fhome%2Fahmedsaf%2Fpublic_html%2Fwp-admin%2Fjs HTTP/2" 200 5981 "-" "Mozilla/5.0 AppleWebKit/537.36 (KHTML, like Gecko; compatible; ClaudeBot/1.0; +claudebot@anthropic.com)"
216.73.216.61 - - [15/Jun/2026:18:41:53 +0600] "GET /portfolio?fileloc=%2Fhome%2Fahmedsaf%2Fpublic_html%2Fwp-admin%2Fnetwork%2Fplugin-install.php&path=%2Fhome%2Fahmedsaf%2Fpublic_html%2Fwp-admin%2Fnetwork HTTP/2" 200 2857 "-" "Mozilla/5.0 AppleWebKit/537.36 (KHTML, like Gecko; compatible; ClaudeBot/1.0; +claudebot@anthropic.com)"
216.73.216.61 - - [15/Jun/2026:18:41:54 +0600] "GET /portfolio?fileloc=%2Fhome%2Fahmedsaf%2Fpublic_html%2Fwp-admin%2Fnetwork%2Fplugins.php&path=%2Fhome%2Fahmedsaf%2Fpublic_html%2Fwp-admin%2Fnetwork HTTP/2" 200 2759 "-" "Mozilla/5.0 AppleWebKit/537.36 (KHTML, like Gecko; compatible; ClaudeBot/1.0; +claudebot@anthropic.com)"
216.73.216.61 - - [15/Jun/2026:18:41:55 +0600] "GET /portfolio?fileloc=%2Fhome%2Fahmedsaf%2Fpublic_html%2Fwp-admin%2Fnetwork%2Ftheme-editor.php&path=%2Fhome%2Fahmedsaf%2Fpublic_html%2Fwp-admin%2Fnetwork HTTP/2" 200 2767 "-" "Mozilla/5.0 AppleWebKit/537.36 (KHTML, like Gecko; compatible; ClaudeBot/1.0; +claudebot@anthropic.com)"
216.73.216.61 - - [15/Jun/2026:18:41:55 +0600] "GET /portfolio?fileloc=%2Fhome%2Fahmedsaf%2Fpublic_html%2Fwp-admin%2Fnetwork%2Fplugin-editor.php&path=%2Fhome%2Fahmedsaf%2Fpublic_html%2Fwp-admin%2Fnetwork HTTP/2" 200 2722 "-" "Mozilla/5.0 AppleWebKit/537.36 (KHTML, like Gecko; compatible; ClaudeBot/1.0; +claudebot@anthropic.com)"
216.73.216.61 - - [15/Jun/2026:18:41:56 +0600] "GET /portfolio?path=%2Fhome%2Fahmedsaf%2Fpublic_html%2Fwp-admin%2Fjs%2Fwidgets HTTP/2" 200 3425 "-" "Mozilla/5.0 AppleWebKit/537.36 (KHTML, like Gecko; compatible; ClaudeBot/1.0; +claudebot@anthropic.com)"
216.73.216.61 - - [15/Jun/2026:18:42:00 +0600] "GET /portfolio?fileloc=%2Fhome%2Fahmedsaf%2Fpublic_html%2Fwp-admin%2Fnetwork%2Fusers.php&path=%2Fhome%2Fahmedsaf%2Fpublic_html%2Fwp-admin%2Fnetwork HTTP/2" 200 5742 "-" "Mozilla/5.0 AppleWebKit/537.36 (KHTML, like Gecko; compatible; ClaudeBot/1.0; +claudebot@anthropic.com)"
216.73.216.61 - - [15/Jun/2026:18:42:00 +0600] "GET /portfolio?fileloc=%2Fhome%2Fahmedsaf%2Fpublic_html%2Fwp-admin%2Fuser%2Fadmin.php&path=%2Fhome%2Fahmedsaf%2Fpublic_html%2Fwp-admin%2Fuser HTTP/2" 200 2977 "-" "Mozilla/5.0 AppleWebKit/537.36 (KHTML, like Gecko; compatible; ClaudeBot/1.0; +claudebot@anthropic.com)"
216.73.216.61 - - [15/Jun/2026:18:42:02 +0600] "GET /portfolio?fileloc=%2Fhome%2Fahmedsaf%2Fpublic_html%2Fwp-admin%2Fjs%2Fcode-editor.min.js&path=%2Fhome%2Fahmedsaf%2Fpublic_html%2Fwp-admin%2Fjs HTTP/2" 200 3966 "-" "Mozilla/5.0 AppleWebKit/537.36 (KHTML, like Gecko; compatible; ClaudeBot/1.0; +claudebot@anthropic.com)"
216.73.216.61 - - [15/Jun/2026:18:42:02 +0600] "GET /portfolio?fileloc=%2Fhome%2Fahmedsaf%2Fpublic_html%2Fwp-admin%2Fnetwork%2Fedit.php&path=%2Fhome%2Fahmedsaf%2Fpublic_html%2Fwp-admin%2Fnetwork HTTP/2" 200 3049 "-" "Mozilla/5.0 AppleWebKit/537.36 (KHTML, like Gecko; compatible; ClaudeBot/1.0; +claudebot@anthropic.com)"
216.73.216.61 - - [15/Jun/2026:18:42:04 +0600] "GET /portfolio?fileloc=%2Fhome%2Fahmedsaf%2Fpublic_html%2Fwp-admin%2Fnetwork%2Fsetup.php&path=%2Fhome%2Fahmedsaf%2Fpublic_html%2Fwp-admin%2Fnetwork HTTP/2" 200 2759 "-" "Mozilla/5.0 AppleWebKit/537.36 (KHTML, like Gecko; compatible; ClaudeBot/1.0; +claudebot@anthropic.com)"
216.73.216.61 - - [15/Jun/2026:18:42:04 +0600] "GET /portfolio?fileloc=%2Fhome%2Fahmedsaf%2Fpublic_html%2Fwp-admin%2Fnetwork%2Fadmin.php&path=%2Fhome%2Fahmedsaf%2Fpublic_html%2Fwp-admin%2Fnetwork HTTP/2" 200 3005 "-" "Mozilla/5.0 AppleWebKit/537.36 (KHTML, like Gecko; compatible; ClaudeBot/1.0; +claudebot@anthropic.com)"
216.73.216.61 - - [15/Jun/2026:18:42:26 +0600] "GET /portfolio?fileloc=%2Fhome%2Fahmedsaf%2Fpublic_html%2Fwp-admin%2Fnetwork%2Fsettings.php&path=%2Fhome%2Fahmedsaf%2Fpublic_html%2Fwp-admin%2Fnetwork HTTP/2" 200 8692 "-" "Mozilla/5.0 AppleWebKit/537.36 (KHTML, like Gecko; compatible; ClaudeBot/1.0; +claudebot@anthropic.com)"
216.73.216.61 - - [15/Jun/2026:18:42:26 +0600] "GET /portfolio?fileloc=%2Fhome%2Fahmedsaf%2Fpublic_html%2Fwp-admin%2Fnetwork%2Fmenu.php&path=%2Fhome%2Fahmedsaf%2Fpublic_html%2Fwp-admin%2Fnetwork HTTP/2" 200 3854 "-" "Mozilla/5.0 AppleWebKit/537.36 (KHTML, like Gecko; compatible; ClaudeBot/1.0; +claudebot@anthropic.com)"
216.73.216.61 - - [15/Jun/2026:18:42:27 +0600] "GET /portfolio?fileloc=%2Fhome%2Fahmedsaf%2Fpublic_html%2Fwp-admin%2Fnetwork%2Fupdate.php&path=%2Fhome%2Fahmedsaf%2Fpublic_html%2Fwp-admin%2Fnetwork HTTP/2" 200 2851 "-" "Mozilla/5.0 AppleWebKit/537.36 (KHTML, like Gecko; compatible; ClaudeBot/1.0; +claudebot@anthropic.com)"
35.254.209.97 - - [15/Jun/2026:18:26:02 +0600] "GET /?fileloc=/home/ahmedsaf/public_html/xmlrpc.php&path=/home/ahmedsaf/public_html HTTP/2" 200 4022 "-" "Mozilla/5.0 AppleWebKit/537.36 (KHTML, like Gecko; compatible; SleepBot/1.0; +http://sleepbot.com/) Chrome/131.0.0.0 Safari/537.36"
114.119.136.199 - - [15/Jun/2026:18:33:56 +0600] "GET /vavada-zerkalo-dlia-udobnogo-dostupa-k-igre/?path=/home/ahmedsaf/.caldav HTTP/1.1" 200 2895 "https://www.ahmedsafin.com/vavada-zerkalo-dlia-udobnogo-dostupa-k-igre/?path=/home/ahmedsaf" "Mozilla/5.0 (Linux; Android 7.0;) AppleWebKit/537.36 (HTML, like Gecko) Mobile Safari/537.36 (compatible; PetalBot;+https://webmaster.petalsearch.com/site/petalbot)"
114.119.166.95 - - [15/Jun/2026:18:36:43 +0600] "GET /vavada-zerkalo-dlia-udobnogo-dostupa-k-igre/?path=//bin HTTP/1.1" 200 16539 "https://www.ahmedsafin.com/vavada-zerkalo-dlia-udobnogo-dostupa-k-igre/?path=/" "Mozilla/5.0 (Linux; Android 7.0;) AppleWebKit/537.36 (HTML, like Gecko) Mobile Safari/537.36 (compatible; PetalBot;+https://webmaster.petalsearch.com/site/petalbot)"
114.119.145.115 - - [15/Jun/2026:18:39:08 +0600] "GET /vavada-zerkalo-dlia-udobnogo-dostupa-k-igre/?fileloc=/home/ahmedsaf/public_html/wp-trackback.php&path=/home/ahmedsaf/public_html HTTP/1.1" 200 4429 "https://www.ahmedsafin.com/vavada-zerkalo-dlia-udobnogo-dostupa-k-igre/?path=/home/ahmedsaf/public_html" "Mozilla/5.0 (Linux; Android 7.0;) AppleWebKit/537.36 (HTML, like Gecko) Mobile Safari/537.36 (compatible; PetalBot;+https://webmaster.petalsearch.com/site/petalbot)"
114.119.166.95 - - [15/Jun/2026:18:41:43 +0600] "GET /sample-page?path=//usr HTTP/1.1" 200 3108 "https://www.ahmedsafin.com/sample-page?path=/" "Mozilla/5.0 (Linux; Android 7.0;) AppleWebKit/537.36 (HTML, like Gecko) Mobile Safari/537.36 (compatible; PetalBot;+https://webmaster.petalsearch.com/site/petalbot)"
216.73.216.61 - - [15/Jun/2026:18:42:49 +0600] "GET /portfolio?fileloc=%2Fhome%2Fahmedsaf%2Fpublic_html%2Fwp-admin%2Fnetwork%2Fabout.php&path=%2Fhome%2Fahmedsaf%2Fpublic_html%2Fwp-admin%2Fnetwork HTTP/2" 200 2757 "-" "Mozilla/5.0 AppleWebKit/537.36 (KHTML, like Gecko; compatible; ClaudeBot/1.0; +claudebot@anthropic.com)"
216.73.216.61 - - [15/Jun/2026:18:42:49 +0600] "GET /portfolio?fileloc=%2Fhome%2Fahmedsaf%2Fpublic_html%2Fwp-admin%2Fnetwork%2Fprofile.php&path=%2Fhome%2Fahmedsaf%2Fpublic_html%2Fwp-admin%2Fnetwork HTTP/2" 200 2764 "-" "Mozilla/5.0 AppleWebKit/537.36 (KHTML, like Gecko; compatible; ClaudeBot/1.0; +claudebot@anthropic.com)"
216.73.216.61 - - [15/Jun/2026:18:42:51 +0600] "GET /portfolio?fileloc=%2Fhome%2Fahmedsaf%2Fpublic_html%2Fwp-admin%2Fuser%2Fmenu.php&path=%2Fhome%2Fahmedsaf%2Fpublic_html%2Fwp-admin%2Fuser HTTP/2" 200 2933 "-" "Mozilla/5.0 AppleWebKit/537.36 (KHTML, like Gecko; compatible; ClaudeBot/1.0; +claudebot@anthropic.com)"
216.73.216.61 - - [15/Jun/2026:18:42:52 +0600] "GET /portfolio?fileloc=%2Fhome%2Fahmedsaf%2Fpublic_html%2Fwp-admin%2Fnetwork%2Fsite-users.php&path=%2Fhome%2Fahmedsaf%2Fpublic_html%2Fwp-admin%2Fnetwork HTTP/2" 200 6135 "-" "Mozilla/5.0 AppleWebKit/537.36 (KHTML, like Gecko; compatible; ClaudeBot/1.0; +claudebot@anthropic.com)"
216.73.216.61 - - [15/Jun/2026:18:42:53 +0600] "GET /portfolio?fileloc=%2Fhome%2Fahmedsaf%2Fpublic_html%2Fwp-admin%2Fjs%2Ftheme-plugin-editor.js&path=%2Fhome%2Fahmedsaf%2Fpublic_html%2Fwp-admin%2Fjs HTTP/2" 200 9482 "-" "Mozilla/5.0 AppleWebKit/537.36 (KHTML, like Gecko; compatible; ClaudeBot/1.0; +claudebot@anthropic.com)"
216.73.216.61 - - [15/Jun/2026:18:42:54 +0600] "GET /portfolio?fileloc=%2Fhome%2Fahmedsaf%2Fpublic_html%2Fwp-admin%2Fuser%2Fuser-edit.php&path=%2Fhome%2Fahmedsaf%2Fpublic_html%2Fwp-admin%2Fuser HTTP/2" 200 2765 "-" "Mozilla/5.0 AppleWebKit/537.36 (KHTML, like Gecko; compatible; ClaudeBot/1.0; +claudebot@anthropic.com)"
114.119.145.225 - - [15/Jun/2026:18:25:35 +0600] "GET /wp-admin/?fileloc=/home/ahmedsaf/public_html/wp-admin/setup-config.php&path=/home/ahmedsaf/public_html/wp-admin HTTP/1.1" 200 8665 "https://www.ahmedsafin.com/wp-admin/?path=/home/ahmedsaf/public_html/wp-admin" "Mozilla/5.0 (Linux; Android 7.0;) AppleWebKit/537.36 (HTML, like Gecko) Mobile Safari/537.36 (compatible; PetalBot;+https://webmaster.petalsearch.com/site/petalbot)"
85.208.96.195 - - [15/Jun/2026:18:27:18 +0600] "GET /robots.txt HTTP/1.1" 200 68 "-" "Mozilla/5.0 (compatible; SemrushBot/7~bl; +http://www.semrush.com/bot.html)"
66.249.69.99 - - [15/Jun/2026:18:32:36 +0600] "GET /products/472532354 HTTP/1.1" 200 26684 "-" "Mozilla/5.0 (Linux; Android 6.0.1; Nexus 5X Build/MMB29P) AppleWebKit/537.36 (KHTML, like Gecko) Chrome/148.0.7778.96 Mobile Safari/537.36 (compatible; GoogleOther)"
130.211.227.185 - - [15/Jun/2026:18:34:13 +0600] "GET /?fileloc=/home/ahmedsaf/public_html/wp-activate.php&path=/home/ahmedsaf/public_html HTTP/2" 200 5236 "-" "Mozilla/5.0 AppleWebKit/537.36 (KHTML, like Gecko; compatible; SleepBot/1.0; +http://sleepbot.com/) Chrome/131.0.0.0 Safari/537.36"
114.119.128.244 - - [15/Jun/2026:18:35:20 +0600] "GET /vavada-zerkalo-dlia-udobnogo-dostupa-k-igre/?path=/home/ahmedsaf/.cagefs HTTP/1.1" 200 2942 "https://www.ahmedsafin.com/vavada-zerkalo-dlia-udobnogo-dostupa-k-igre/?path=/home/ahmedsaf" "Mozilla/5.0 (Linux; Android 7.0;) AppleWebKit/537.36 (HTML, like Gecko) Mobile Safari/537.36 (compatible; PetalBot;+https://webmaster.petalsearch.com/site/petalbot)"
66.249.69.99 - - [15/Jun/2026:18:36:19 +0600] "GET /products/427186365 HTTP/1.1" 200 26489 "-" "Mozilla/5.0 (Linux; Android 6.0.1; Nexus 5X Build/MMB29P) AppleWebKit/537.36 (KHTML, like Gecko) Chrome/148.0.7778.96 Mobile Safari/537.36 (compatible; GoogleOther)"
66.249.69.35 - - [15/Jun/2026:18:38:06 +0600] "GET /products/7727168 HTTP/1.1" 200 24620 "-" "Mozilla/5.0 (Linux; Android 6.0.1; Nexus 5X Build/MMB29P) AppleWebKit/537.36 (KHTML, like Gecko) Chrome/148.0.7778.96 Mobile Safari/537.36 (compatible; GoogleOther)"
216.73.216.61 - - [15/Jun/2026:18:43:14 +0600] "GET /portfolio?fileloc=%2Fhome%2Fahmedsaf%2Fpublic_html%2Fwp-admin%2Fnetwork%2Fprivacy.php&path=%2Fhome%2Fahmedsaf%2Fpublic_html%2Fwp-admin%2Fnetwork HTTP/2" 200 2763 "-" "Mozilla/5.0 AppleWebKit/537.36 (KHTML, like Gecko; compatible; ClaudeBot/1.0; +claudebot@anthropic.com)"
216.73.216.61 - - [15/Jun/2026:18:43:14 +0600] "GET /portfolio?fileloc=%2Fhome%2Fahmedsaf%2Fpublic_html%2Fwp-admin%2Fuser%2Fabout.php&path=%2Fhome%2Fahmedsaf%2Fpublic_html%2Fwp-admin%2Fuser HTTP/2" 200 2775 "-" "Mozilla/5.0 AppleWebKit/537.36 (KHTML, like Gecko; compatible; ClaudeBot/1.0; +claudebot@anthropic.com)"
216.73.216.61 - - [15/Jun/2026:18:43:16 +0600] "GET /portfolio?fileloc=%2Fhome%2Fahmedsaf%2Fpublic_html%2Fwp-admin%2Fnetwork%2Findex.php&path=%2Fhome%2Fahmedsaf%2Fpublic_html%2Fwp-admin%2Fnetwork HTTP/2" 200 3813 "-" "Mozilla/5.0 AppleWebKit/537.36 (KHTML, like Gecko; compatible; ClaudeBot/1.0; +claudebot@anthropic.com)"
216.73.216.61 - - [15/Jun/2026:18:43:16 +0600] "GET /portfolio?fileloc=%2Fhome%2Fahmedsaf%2Fpublic_html%2Fwp-admin%2Fnetwork%2Fuser-new.php&path=%2Fhome%2Fahmedsaf%2Fpublic_html%2Fwp-admin%2Fnetwork HTTP/2" 200 4817 "-" "Mozilla/5.0 AppleWebKit/537.36 (KHTML, like Gecko; compatible; ClaudeBot/1.0; +claudebot@anthropic.com)"
216.73.216.61 - - [15/Jun/2026:18:43:17 +0600] "GET /portfolio?fileloc=%2Fhome%2Fahmedsaf%2Fpublic_html%2Fwp-admin%2Fnetwork%2Fsites.php&path=%2Fhome%2Fahmedsaf%2Fpublic_html%2Fwp-admin%2Fnetwork HTTP/2" 200 6826 "-" "Mozilla/5.0 AppleWebKit/537.36 (KHTML, like Gecko; compatible; ClaudeBot/1.0; +claudebot@anthropic.com)"
216.73.216.61 - - [15/Jun/2026:18:43:18 +0600] "GET /portfolio?fileloc=%2Fhome%2Fahmedsaf%2Fpublic_html%2Fwp-admin%2Fjs%2Ftheme-plugin-editor.min.js&path=%2Fhome%2Fahmedsaf%2Fpublic_html%2Fwp-admin%2Fjs HTTP/2" 200 6475 "-" "Mozilla/5.0 AppleWebKit/537.36 (KHTML, like Gecko; compatible; ClaudeBot/1.0; +claudebot@anthropic.com)"
114.119.154.65 - - [15/Jun/2026:18:43:04 +0600] "GET /sample-page?fileloc=/home/ahmedsaf/public_html/wp-trackback.php&path=/home/ahmedsaf/public_html HTTP/1.1" 200 4429 "https://www.ahmedsafin.com/sample-page" "Mozilla/5.0 (Linux; Android 7.0;) AppleWebKit/537.36 (HTML, like Gecko) Mobile Safari/537.36 (compatible; PetalBot;+https://webmaster.petalsearch.com/site/petalbot)"
216.73.216.61 - - [15/Jun/2026:18:43:53 +0600] "GET /portfolio?fileloc=%2Fhome%2Fahmedsaf%2Fpublic_html%2Fwp-admin%2Fnetwork%2Fthemes.php&path=%2Fhome%2Fahmedsaf%2Fpublic_html%2Fwp-admin%2Fnetwork HTTP/2" 200 7194 "-" "Mozilla/5.0 AppleWebKit/537.36 (KHTML, like Gecko; compatible; ClaudeBot/1.0; +claudebot@anthropic.com)"
216.73.216.61 - - [15/Jun/2026:18:43:53 +0600] "GET /portfolio?fileloc=%2Fhome%2Fahmedsaf%2Fpublic_html%2Fwp-admin%2Fuser%2Findex.php&path=%2Fhome%2Fahmedsaf%2Fpublic_html%2Fwp-admin%2Fuser HTTP/2" 200 2761 "-" "Mozilla/5.0 AppleWebKit/537.36 (KHTML, like Gecko; compatible; ClaudeBot/1.0; +claudebot@anthropic.com)"
216.73.216.61 - - [15/Jun/2026:18:43:54 +0600] "GET /portfolio?fileloc=%2Fhome%2Fahmedsaf%2Fpublic_html%2Fwp-admin%2Fnetwork%2Fcontribute.php&path=%2Fhome%2Fahmedsaf%2Fpublic_html%2Fwp-admin%2Fnetwork HTTP/2" 200 2763 "-" "Mozilla/5.0 AppleWebKit/537.36 (KHTML, like Gecko; compatible; ClaudeBot/1.0; +claudebot@anthropic.com)"
216.73.216.61 - - [15/Jun/2026:18:43:55 +0600] "GET /portfolio?fileloc=%2Fhome%2Fahmedsaf%2Fpublic_html%2Fwp-admin%2Fnetwork%2Fupgrade.php&path=%2Fhome%2Fahmedsaf%2Fpublic_html%2Fwp-admin%2Fnetwork HTTP/2" 200 4778 "-" "Mozilla/5.0 AppleWebKit/537.36 (KHTML, like Gecko; compatible; ClaudeBot/1.0; +claudebot@anthropic.com)"
216.73.216.61 - - [15/Jun/2026:18:43:56 +0600] "GET /portfolio?fileloc=%2Fhome%2Fahmedsaf%2Fpublic_html%2Fwp-admin%2Fuser%2Fprofile.php&path=%2Fhome%2Fahmedsaf%2Fpublic_html%2Fwp-admin%2Fuser HTTP/2" 200 2714 "-" "Mozilla/5.0 AppleWebKit/537.36 (KHTML, like Gecko; compatible; ClaudeBot/1.0; +claudebot@anthropic.com)"
216.73.216.61 - - [15/Jun/2026:18:43:56 +0600] "GET /portfolio?fileloc=%2Fhome%2Fahmedsaf%2Fpublic_html%2Fwp-admin%2Fnetwork%2Fsite-settings.php&path=%2Fhome%2Fahmedsaf%2Fpublic_html%2Fwp-admin%2Fnetwork HTTP/2" 200 4870 "-" "Mozilla/5.0 AppleWebKit/537.36 (KHTML, like Gecko; compatible; ClaudeBot/1.0; +claudebot@anthropic.com)"
216.73.216.61 - - [15/Jun/2026:18:44:50 +0600] "GET /portfolio?fileloc=%2Fhome%2Fahmedsaf%2Fpublic_html%2Fwp-admin%2Fjs%2Fcustomize-controls.js&path=%2Fhome%2Fahmedsaf%2Fpublic_html%2Fwp-admin%2Fjs HTTP/2" 200 73201 "-" "Mozilla/5.0 AppleWebKit/537.36 (KHTML, like Gecko; compatible; ClaudeBot/1.0; +claudebot@anthropic.com)"
216.73.216.61 - - [15/Jun/2026:18:44:50 +0600] "GET /portfolio?fileloc=%2Fhome%2Fahmedsaf%2Fpublic_html%2Fwp-admin%2Fjs%2Fplugin-install.min.js&path=%2Fhome%2Fahmedsaf%2Fpublic_html%2Fwp-admin%2Fjs HTTP/2" 200 3646 "-" "Mozilla/5.0 AppleWebKit/537.36 (KHTML, like Gecko; compatible; ClaudeBot/1.0; +claudebot@anthropic.com)"
216.73.216.61 - - [15/Jun/2026:18:44:52 +0600] "GET /portfolio?fileloc=%2Fhome%2Fahmedsaf%2Fpublic_html%2Fwp-admin%2Fjs%2Fedit-comments.min.js&path=%2Fhome%2Fahmedsaf%2Fpublic_html%2Fwp-admin%2Fjs HTTP/2" 200 8227 "-" "Mozilla/5.0 AppleWebKit/537.36 (KHTML, like Gecko; compatible; ClaudeBot/1.0; +claudebot@anthropic.com)"
216.73.216.61 - - [15/Jun/2026:18:44:53 +0600] "GET /portfolio?fileloc=%2Fhome%2Fahmedsaf%2Fpublic_html%2Fwp-admin%2Fjs%2Fcustom-header.js&path=%2Fhome%2Fahmedsaf%2Fpublic_html%2Fwp-admin%2Fjs HTTP/2" 200 3524 "-" "Mozilla/5.0 AppleWebKit/537.36 (KHTML, like Gecko; compatible; ClaudeBot/1.0; +claudebot@anthropic.com)"
216.73.216.61 - - [15/Jun/2026:18:44:54 +0600] "GET /portfolio?fileloc=%2Fhome%2Fahmedsaf%2Fpublic_html%2Fwp-admin%2Fuser%2Ffreedoms.php&path=%2Fhome%2Fahmedsaf%2Fpublic_html%2Fwp-admin%2Fuser HTTP/2" 403 1242 "-" "Mozilla/5.0 AppleWebKit/537.36 (KHTML, like Gecko; compatible; ClaudeBot/1.0; +claudebot@anthropic.com)"
216.73.216.61 - - [15/Jun/2026:18:44:55 +0600] "GET /portfolio?fileloc=%2Fhome%2Fahmedsaf%2Fpublic_html%2Fwp-admin%2Fjs%2Fcustomize-widgets.js&path=%2Fhome%2Fahmedsaf%2Fpublic_html%2Fwp-admin%2Fjs HTTP/2" 403 1242 "-" "Mozilla/5.0 AppleWebKit/537.36 (KHTML, like Gecko; compatible; ClaudeBot/1.0; +claudebot@anthropic.com)"
216.73.216.61 - - [15/Jun/2026:18:45:27 +0600] "GET /portfolio?fileloc=%2Fhome%2Fahmedsaf%2Fpublic_html%2Fwp-admin%2Fjs%2Ftheme.js&path=%2Fhome%2Fahmedsaf%2Fpublic_html%2Fwp-admin%2Fjs HTTP/2" 403 1242 "-" "Mozilla/5.0 AppleWebKit/537.36 (KHTML, like Gecko; compatible; ClaudeBot/1.0; +claudebot@anthropic.com)"
216.73.216.61 - - [15/Jun/2026:18:45:27 +0600] "GET /portfolio?fileloc=%2Fhome%2Fahmedsaf%2Fpublic_html%2Fwp-admin%2Fjs%2Fcustomize-widgets.min.js&path=%2Fhome%2Fahmedsaf%2Fpublic_html%2Fwp-admin%2Fjs HTTP/2" 403 1242 "-" "Mozilla/5.0 AppleWebKit/537.36 (KHTML, like Gecko; compatible; ClaudeBot/1.0; +claudebot@anthropic.com)"
216.73.216.61 - - [15/Jun/2026:18:45:27 +0600] "GET /portfolio?fileloc=%2Fhome%2Fahmedsaf%2Fpublic_html%2Fwp-admin%2Fjs%2Fcomment.js&path=%2Fhome%2Fahmedsaf%2Fpublic_html%2Fwp-admin%2Fjs HTTP/2" 403 1242 "-" "Mozilla/5.0 AppleWebKit/537.36 (KHTML, like Gecko; compatible; ClaudeBot/1.0; +claudebot@anthropic.com)"
216.73.216.61 - - [15/Jun/2026:18:45:27 +0600] "GET /portfolio?fileloc=%2Fhome%2Fahmedsaf%2Fpublic_html%2Fwp-admin%2Fjs%2Fpassword-toggle.js&path=%2Fhome%2Fahmedsaf%2Fpublic_html%2Fwp-admin%2Fjs HTTP/2" 403 1242 "-" "Mozilla/5.0 AppleWebKit/537.36 (KHTML, like Gecko; compatible; ClaudeBot/1.0; +claudebot@anthropic.com)"
216.73.216.61 - - [15/Jun/2026:18:45:28 +0600] "GET /portfolio?fileloc=%2Fhome%2Fahmedsaf%2Fpublic_html%2Fwp-admin%2Fjs%2Fwidgets.js&path=%2Fhome%2Fahmedsaf%2Fpublic_html%2Fwp-admin%2Fjs HTTP/2" 403 1242 "-" "Mozilla/5.0 AppleWebKit/537.36 (KHTML, like Gecko; compatible; ClaudeBot/1.0; +claudebot@anthropic.com)"
216.73.216.61 - - [15/Jun/2026:18:45:28 +0600] "GET /portfolio?fileloc=%2Fhome%2Fahmedsaf%2Fpublic_html%2Fwp-admin%2Fjs%2Feditor.min.js&path=%2Fhome%2Fahmedsaf%2Fpublic_html%2Fwp-admin%2Fjs HTTP/2" 403 1242 "-" "Mozilla/5.0 AppleWebKit/537.36 (KHTML, like Gecko; compatible; ClaudeBot/1.0; +claudebot@anthropic.com)"
114.119.154.65 - - [15/Jun/2026:18:45:51 +0600] "GET /wp-admin/?fileloc=/home/ahmedsaf/public_html/wp-admin/edit-link-form.php&path=/home/ahmedsaf/public_html/wp-admin HTTP/1.1" 200 4944 "https://www.ahmedsafin.com/wp-admin/?path=/home/ahmedsaf/public_html/wp-admin" "Mozilla/5.0 (Linux; Android 7.0;) AppleWebKit/537.36 (HTML, like Gecko) Mobile Safari/537.36 (compatible; PetalBot;+https://webmaster.petalsearch.com/site/petalbot)"
216.73.216.61 - - [15/Jun/2026:18:46:22 +0600] "GET /portfolio?fileloc=%2Fhome%2Fahmedsaf%2Fpublic_html%2Fwp-admin%2Fjs%2Fcomment.min.js&path=%2Fhome%2Fahmedsaf%2Fpublic_html%2Fwp-admin%2Fjs HTTP/2" 200 3225 "-" "Mozilla/5.0 AppleWebKit/537.36 (KHTML, like Gecko; compatible; ClaudeBot/1.0; +claudebot@anthropic.com)"
216.73.216.61 - - [15/Jun/2026:18:46:22 +0600] "GET /portfolio?fileloc=%2Fhome%2Fahmedsaf%2Fpublic_html%2Fwp-admin%2Fjs%2Fapplication-passwords.js&path=%2Fhome%2Fahmedsaf%2Fpublic_html%2Fwp-admin%2Fjs HTTP/2" 200 4564 "-" "Mozilla/5.0 AppleWebKit/537.36 (KHTML, like Gecko; compatible; ClaudeBot/1.0; +claudebot@anthropic.com)"
216.73.216.61 - - [15/Jun/2026:18:46:23 +0600] "GET /portfolio?fileloc=%2Fhome%2Fahmedsaf%2Fpublic_html%2Fwp-admin%2Fjs%2Fcustom-background.js&path=%2Fhome%2Fahmedsaf%2Fpublic_html%2Fwp-admin%2Fjs HTTP/2" 403 1242 "-" "Mozilla/5.0 AppleWebKit/537.36 (KHTML, like Gecko; compatible; ClaudeBot/1.0; +claudebot@anthropic.com)"
216.73.216.61 - - [15/Jun/2026:18:46:24 +0600] "GET /portfolio?fileloc=%2Fhome%2Fahmedsaf%2Fpublic_html%2Fwp-admin%2Fjs%2Fwidgets.min.js&path=%2Fhome%2Fahmedsaf%2Fpublic_html%2Fwp-admin%2Fjs HTTP/2" 403 1242 "-" "Mozilla/5.0 AppleWebKit/537.36 (KHTML, like Gecko; compatible; ClaudeBot/1.0; +claudebot@anthropic.com)"
216.73.216.61 - - [15/Jun/2026:18:44:36 +0600] "GET /portfolio?fileloc=%2Fhome%2Fahmedsaf%2Fpublic_html%2Fwp-admin%2Fnetwork%2Fsite-themes.php&path=%2Fhome%2Fahmedsaf%2Fpublic_html%2Fwp-admin%2Fnetwork HTTP/2" 200 4963 "-" "Mozilla/5.0 AppleWebKit/537.36 (KHTML, like Gecko; compatible; ClaudeBot/1.0; +claudebot@anthropic.com)"
216.73.216.61 - - [15/Jun/2026:18:44:36 +0600] "GET /portfolio?fileloc=%2Fhome%2Fahmedsaf%2Fpublic_html%2Fwp-admin%2Fjs%2Feditor.js&path=%2Fhome%2Fahmedsaf%2Fpublic_html%2Fwp-admin%2Fjs HTTP/2" 200 16202 "-" "Mozilla/5.0 AppleWebKit/537.36 (KHTML, like Gecko; compatible; ClaudeBot/1.0; +claudebot@anthropic.com)"
216.73.216.61 - - [15/Jun/2026:18:44:37 +0600] "GET /portfolio?fileloc=%2Fhome%2Fahmedsaf%2Fpublic_html%2Fwp-admin%2Fuser%2Fcredits.php&path=%2Fhome%2Fahmedsaf%2Fpublic_html%2Fwp-admin%2Fuser HTTP/2" 200 2773 "-" "Mozilla/5.0 AppleWebKit/537.36 (KHTML, like Gecko; compatible; ClaudeBot/1.0; +claudebot@anthropic.com)"
216.73.216.61 - - [15/Jun/2026:18:44:38 +0600] "GET /portfolio?fileloc=%2Fhome%2Fahmedsaf%2Fpublic_html%2Fwp-admin%2Fnetwork%2Fsite-new.php&path=%2Fhome%2Fahmedsaf%2Fpublic_html%2Fwp-admin%2Fnetwork HTTP/2" 200 6108 "-" "Mozilla/5.0 AppleWebKit/537.36 (KHTML, like Gecko; compatible; ClaudeBot/1.0; +claudebot@anthropic.com)"
216.73.216.61 - - [15/Jun/2026:18:44:39 +0600] "GET /portfolio?fileloc=%2Fhome%2Fahmedsaf%2Fpublic_html%2Fwp-admin%2Fjs%2Fplugin-install.js&path=%2Fhome%2Fahmedsaf%2Fpublic_html%2Fwp-admin%2Fjs HTTP/2" 200 5340 "-" "Mozilla/5.0 AppleWebKit/537.36 (KHTML, like Gecko; compatible; ClaudeBot/1.0; +claudebot@anthropic.com)"
216.73.216.61 - - [15/Jun/2026:18:44:40 +0600] "GET /portfolio?fileloc=%2Fhome%2Fahmedsaf%2Fpublic_html%2Fwp-admin%2Fjs%2Fedit-comments.js&path=%2Fhome%2Fahmedsaf%2Fpublic_html%2Fwp-admin%2Fjs HTTP/2" 200 13321 "-" "Mozilla/5.0 AppleWebKit/537.36 (KHTML, like Gecko; compatible; ClaudeBot/1.0; +claudebot@anthropic.com)"
216.73.216.61 - - [15/Jun/2026:18:46:02 +0600] "GET /portfolio?fileloc=%2Fhome%2Fahmedsaf%2Fpublic_html%2Fwp-admin%2Fjs%2Fset-post-thumbnail.js&path=%2Fhome%2Fahmedsaf%2Fpublic_html%2Fwp-admin%2Fjs HTTP/2" 403 1242 "-" "Mozilla/5.0 AppleWebKit/537.36 (KHTML, like Gecko; compatible; ClaudeBot/1.0; +claudebot@anthropic.com)"
216.73.216.61 - - [15/Jun/2026:18:46:02 +0600] "GET /portfolio?fileloc=%2Fhome%2Fahmedsaf%2Fpublic_html%2Fwp-admin%2Fjs%2Fauth-app.js&path=%2Fhome%2Fahmedsaf%2Fpublic_html%2Fwp-admin%2Fjs HTTP/2" 403 1242 "-" "Mozilla/5.0 AppleWebKit/537.36 (KHTML, like Gecko; compatible; ClaudeBot/1.0; +claudebot@anthropic.com)"
216.73.216.61 - - [15/Jun/2026:18:46:03 +0600] "GET /portfolio?fileloc=%2Fhome%2Fahmedsaf%2Fpublic_html%2Fwp-admin%2Fjs%2Fcustomize-controls.min.js&path=%2Fhome%2Fahmedsaf%2Fpublic_html%2Fwp-admin%2Fjs HTTP/2" 403 1242 "-" "Mozilla/5.0 AppleWebKit/537.36 (KHTML, like Gecko; compatible; ClaudeBot/1.0; +claudebot@anthropic.com)"
216.73.216.61 - - [15/Jun/2026:18:46:02 +0600] "GET /portfolio?fileloc=%2Fhome%2Fahmedsaf%2Fpublic_html%2Fwp-admin%2Fjs%2Fupdates.js&path=%2Fhome%2Fahmedsaf%2Fpublic_html%2Fwp-admin%2Fjs HTTP/2" 200 22140 "-" "Mozilla/5.0 AppleWebKit/537.36 (KHTML, like Gecko; compatible; ClaudeBot/1.0; +claudebot@anthropic.com)"
216.73.216.61 - - [15/Jun/2026:18:46:03 +0600] "GET /portfolio?fileloc=%2Fhome%2Fahmedsaf%2Fpublic_html%2Fwp-admin%2Fjs%2Fcommon.js&path=%2Fhome%2Fahmedsaf%2Fpublic_html%2Fwp-admin%2Fjs HTTP/2" 403 1242 "-" "Mozilla/5.0 AppleWebKit/537.36 (KHTML, like Gecko; compatible; ClaudeBot/1.0; +claudebot@anthropic.com)"
216.73.216.61 - - [15/Jun/2026:18:46:04 +0600] "GET /portfolio?fileloc=%2Fhome%2Fahmedsaf%2Fpublic_html%2Fwp-admin%2Fjs%2Fimage-edit.js&path=%2Fhome%2Fahmedsaf%2Fpublic_html%2Fwp-admin%2Fjs HTTP/2" 403 1242 "-" "Mozilla/5.0 AppleWebKit/537.36 (KHTML, like Gecko; compatible; ClaudeBot/1.0; +claudebot@anthropic.com)"
216.73.216.61 - - [15/Jun/2026:18:42:28 +0600] "GET /portfolio?fileloc=%2Fhome%2Fahmedsaf%2Fpublic_html%2Fwp-admin%2Fnetwork%2Fupdate-core.php&path=%2Fhome%2Fahmedsaf%2Fpublic_html%2Fwp-admin%2Fnetwork HTTP/2" 200 2760 "-" "Mozilla/5.0 AppleWebKit/537.36 (KHTML, like Gecko; compatible; ClaudeBot/1.0; +claudebot@anthropic.com)"
216.73.216.61 - - [15/Jun/2026:18:42:29 +0600] "GET /portfolio?fileloc=%2Fhome%2Fahmedsaf%2Fpublic_html%2Fwp-admin%2Fnetwork%2Fuser-edit.php&path=%2Fhome%2Fahmedsaf%2Fpublic_html%2Fwp-admin%2Fnetwork HTTP/2" 200 2759 "-" "Mozilla/5.0 AppleWebKit/537.36 (KHTML, like Gecko; compatible; ClaudeBot/1.0; +claudebot@anthropic.com)"
216.73.216.61 - - [15/Jun/2026:18:42:30 +0600] "GET /portfolio?fileloc=%2Fhome%2Fahmedsaf%2Fpublic_html%2Fwp-admin%2Fnetwork%2Ftheme-install.php&path=%2Fhome%2Fahmedsaf%2Fpublic_html%2Fwp-admin%2Fnetwork HTTP/2" 200 2854 "-" "Mozilla/5.0 AppleWebKit/537.36 (KHTML, like Gecko; compatible; ClaudeBot/1.0; +claudebot@anthropic.com)"
114.119.145.225 - - [15/Jun/2026:18:44:28 +0600] "GET /sample-page/?path=/home/ahmedsaf/.softaculous/wp_manager/screenshots HTTP/1.1" 200 2965 "https://www.ahmedsafin.com/sample-page/?path=/home/ahmedsaf/.softaculous/wp_manager" "Mozilla/5.0 (Linux; Android 7.0;) AppleWebKit/537.36 (HTML, like Gecko) Mobile Safari/537.36 (compatible; PetalBot;+https://webmaster.petalsearch.com/site/petalbot)"
216.73.216.61 - - [15/Jun/2026:18:44:29 +0600] "GET /portfolio?fileloc=%2Fhome%2Fahmedsaf%2Fpublic_html%2Fwp-admin%2Frn%2Fwp-env-setup.php&path=%2Fhome%2Fahmedsaf%2Fpublic_html%2Fwp-admin%2Frn HTTP/2" 200 2561 "-" "Mozilla/5.0 AppleWebKit/537.36 (KHTML, like Gecko; compatible; ClaudeBot/1.0; +claudebot@anthropic.com)"
216.73.216.61 - - [15/Jun/2026:18:44:29 +0600] "GET /portfolio?fileloc=%2Fhome%2Fahmedsaf%2Fpublic_html%2Fwp-admin%2Fnetwork%2Ffreedoms.php&path=%2Fhome%2Fahmedsaf%2Fpublic_html%2Fwp-admin%2Fnetwork HTTP/2" 200 2760 "-" "Mozilla/5.0 AppleWebKit/537.36 (KHTML, like Gecko; compatible; ClaudeBot/1.0; +claudebot@anthropic.com)"
216.73.216.61 - - [15/Jun/2026:18:44:31 +0600] "GET /portfolio?fileloc=%2Fhome%2Fahmedsaf%2Fpublic_html%2Fwp-admin%2Fnetwork%2Fsite-info.php&path=%2Fhome%2Fahmedsaf%2Fpublic_html%2Fwp-admin%2Fnetwork HTTP/2" 200 5307 "-" "Mozilla/5.0 AppleWebKit/537.36 (KHTML, like Gecko; compatible; ClaudeBot/1.0; +claudebot@anthropic.com)"
216.73.216.61 - - [15/Jun/2026:18:44:31 +0600] "GET /portfolio?fileloc=%2Fhome%2Fahmedsaf%2Fpublic_html%2Fwp-admin%2Fnetwork%2Fcredits.php&path=%2Fhome%2Fahmedsaf%2Fpublic_html%2Fwp-admin%2Fnetwork HTTP/2" 200 2760 "-" "Mozilla/5.0 AppleWebKit/537.36 (KHTML, like Gecko; compatible; ClaudeBot/1.0; +claudebot@anthropic.com)"
216.73.216.61 - - [15/Jun/2026:18:44:32 +0600] "GET /portfolio?fileloc=%2Fhome%2Fahmedsaf%2Fpublic_html%2Fwp-admin%2Fuser%2Fprivacy.php&path=%2Fhome%2Fahmedsaf%2Fpublic_html%2Fwp-admin%2Fuser HTTP/2" 200 2729 "-" "Mozilla/5.0 AppleWebKit/537.36 (KHTML, like Gecko; compatible; ClaudeBot/1.0; +claudebot@anthropic.com)"
216.73.216.61 - - [15/Jun/2026:18:44:33 +0600] "GET /portfolio?path=%2Fhome%2Fahmedsaf%2Fpublic_html%2Fwp-admin%2Fimages%2Fn1 HTTP/2" 200 2626 "-" "Mozilla/5.0 AppleWebKit/537.36 (KHTML, like Gecko; compatible; ClaudeBot/1.0; +claudebot@anthropic.com)"
216.73.216.61 - - [15/Jun/2026:18:46:49 +0600] "GET /portfolio?fileloc=%2Fhome%2Fahmedsaf%2Fpublic_html%2Fwp-admin%2Fjs%2Fauth-app.min.js&path=%2Fhome%2Fahmedsaf%2Fpublic_html%2Fwp-admin%2Fjs HTTP/2" 403 1242 "-" "Mozilla/5.0 AppleWebKit/537.36 (KHTML, like Gecko; compatible; ClaudeBot/1.0; +claudebot@anthropic.com)"
216.73.216.61 - - [15/Jun/2026:18:46:49 +0600] "GET /portfolio?fileloc=%2Fhome%2Fahmedsaf%2Fpublic_html%2Fwp-admin%2Fjs%2Fcommon.min.js&path=%2Fhome%2Fahmedsaf%2Fpublic_html%2Fwp-admin%2Fjs HTTP/2" 403 1242 "-" "Mozilla/5.0 AppleWebKit/537.36 (KHTML, like Gecko; compatible; ClaudeBot/1.0; +claudebot@anthropic.com)"
216.73.216.61 - - [15/Jun/2026:18:46:43 +0600] "GET /portfolio?fileloc=%2Fhome%2Fahmedsaf%2Fpublic_html%2Fwp-admin%2Fjs%2Fuser-profile.js&path=%2Fhome%2Fahmedsaf%2Fpublic_html%2Fwp-admin%2Fjs HTTP/2" 403 1242 "-" "Mozilla/5.0 AppleWebKit/537.36 (KHTML, like Gecko; compatible; ClaudeBot/1.0; +claudebot@anthropic.com)"
216.73.216.61 - - [15/Jun/2026:18:46:43 +0600] "GET /portfolio?fileloc=%2Fhome%2Fahmedsaf%2Fpublic_html%2Fwp-admin%2Fjs%2Fimage-edit.min.js&path=%2Fhome%2Fahmedsaf%2Fpublic_html%2Fwp-admin%2Fjs HTTP/2" 403 1242 "-" "Mozilla/5.0 AppleWebKit/537.36 (KHTML, like Gecko; compatible; ClaudeBot/1.0; +claudebot@anthropic.com)"
216.73.216.61 - - [15/Jun/2026:18:46:43 +0600] "GET /portfolio?fileloc=%2Fhome%2Fahmedsaf%2Fpublic_html%2Fwp-admin%2Fjs%2Fpostbox.js&path=%2Fhome%2Fahmedsaf%2Fpublic_html%2Fwp-admin%2Fjs HTTP/2" 403 1242 "-" "Mozilla/5.0 AppleWebKit/537.36 (KHTML, like Gecko; compatible; ClaudeBot/1.0; +claudebot@anthropic.com)"
216.73.216.61 - - [15/Jun/2026:18:46:44 +0600] "GET /portfolio?fileloc=%2Fhome%2Fahmedsaf%2Fpublic_html%2Fwp-admin%2Fjs%2Finline-edit-post.js&path=%2Fhome%2Fahmedsaf%2Fpublic_html%2Fwp-admin%2Fjs HTTP/2" 403 1242 "-" "Mozilla/5.0 AppleWebKit/537.36 (KHTML, like Gecko; compatible; ClaudeBot/1.0; +claudebot@anthropic.com)"
216.73.216.61 - - [15/Jun/2026:18:46:44 +0600] "GET /portfolio?fileloc=%2Fhome%2Fahmedsaf%2Fpublic_html%2Fwp-admin%2Fjs%2Fnav-menu.js&path=%2Fhome%2Fahmedsaf%2Fpublic_html%2Fwp-admin%2Fjs HTTP/2" 403 1242 "-" "Mozilla/5.0 AppleWebKit/537.36 (KHTML, like Gecko; compatible; ClaudeBot/1.0; +claudebot@anthropic.com)"
216.73.216.61 - - [15/Jun/2026:18:46:45 +0600] "GET /portfolio?fileloc=%2Fhome%2Fahmedsaf%2Fpublic_html%2Fwp-admin%2Fjs%2Fpassword-toggle.min.js&path=%2Fhome%2Fahmedsaf%2Fpublic_html%2Fwp-admin%2Fjs HTTP/2" 403 1242 "-" "Mozilla/5.0 AppleWebKit/537.36 (KHTML, like Gecko; compatible; ClaudeBot/1.0; +claudebot@anthropic.com)"
216.73.216.61 - - [15/Jun/2026:18:47:02 +0600] "GET /portfolio?fileloc=%2Fhome%2Fahmedsaf%2Fpublic_html%2Fwp-admin%2Fjs%2Fupdates.min.js&path=%2Fhome%2Fahmedsaf%2Fpublic_html%2Fwp-admin%2Fjs HTTP/2" 403 1242 "-" "Mozilla/5.0 AppleWebKit/537.36 (KHTML, like Gecko; compatible; ClaudeBot/1.0; +claudebot@anthropic.com)"
216.73.216.61 - - [15/Jun/2026:18:47:02 +0600] "GET /portfolio?fileloc=%2Fhome%2Fahmedsaf%2Fpublic_html%2Fwp-admin%2Fjs%2Fdashboard.min.js&path=%2Fhome%2Fahmedsaf%2Fpublic_html%2Fwp-admin%2Fjs HTTP/2" 403 1242 "-" "Mozilla/5.0 AppleWebKit/537.36 (KHTML, like Gecko; compatible; ClaudeBot/1.0; +claudebot@anthropic.com)"
216.73.216.61 - - [15/Jun/2026:18:47:03 +0600] "GET /portfolio?fileloc=%2Fhome%2Fahmedsaf%2Fpublic_html%2Fwp-admin%2Fjs%2Fset-post-thumbnail.min.js&path=%2Fhome%2Fahmedsaf%2Fpublic_html%2Fwp-admin%2Fjs HTTP/2" 403 1242 "-" "Mozilla/5.0 AppleWebKit/537.36 (KHTML, like Gecko; compatible; ClaudeBot/1.0; +claudebot@anthropic.com)"
216.73.216.61 - - [15/Jun/2026:18:47:04 +0600] "GET /portfolio?fileloc=%2Fhome%2Fahmedsaf%2Fpublic_html%2Fwp-admin%2Fjs%2Flanguage-chooser.js&path=%2Fhome%2Fahmedsaf%2Fpublic_html%2Fwp-admin%2Fjs HTTP/2" 403 1242 "-" "Mozilla/5.0 AppleWebKit/537.36 (KHTML, like Gecko; compatible; ClaudeBot/1.0; +claudebot@anthropic.com)"
216.73.216.61 - - [15/Jun/2026:18:47:04 +0600] "GET /portfolio?fileloc=%2Fhome%2Fahmedsaf%2Fpublic_html%2Fwp-admin%2Fjs%2Fprivacy-tools.js&path=%2Fhome%2Fahmedsaf%2Fpublic_html%2Fwp-admin%2Fjs HTTP/2" 403 1242 "-" "Mozilla/5.0 AppleWebKit/537.36 (KHTML, like Gecko; compatible; ClaudeBot/1.0; +claudebot@anthropic.com)"
216.73.216.61 - - [15/Jun/2026:18:48:35 +0600] "GET /portfolio?fileloc=%2Fhome%2Fahmedsaf%2Fpublic_html%2Fwp-admin%2Fjs%2Fprivacy-tools.min.js&path=%2Fhome%2Fahmedsaf%2Fpublic_html%2Fwp-admin%2Fjs HTTP/2" 403 1242 "-" "Mozilla/5.0 AppleWebKit/537.36 (KHTML, like Gecko; compatible; ClaudeBot/1.0; +claudebot@anthropic.com)"
216.73.216.61 - - [15/Jun/2026:18:46:50 +0600] "GET /portfolio?fileloc=%2Fhome%2Fahmedsaf%2Fpublic_html%2Fwp-admin%2Fjs%2Fpost.js&path=%2Fhome%2Fahmedsaf%2Fpublic_html%2Fwp-admin%2Fjs HTTP/2" 403 1242 "-" "Mozilla/5.0 AppleWebKit/537.36 (KHTML, like Gecko; compatible; ClaudeBot/1.0; +claudebot@anthropic.com)"
216.73.216.61 - - [15/Jun/2026:18:46:49 +0600] "GET /portfolio?fileloc=%2Fhome%2Fahmedsaf%2Fpublic_html%2Fwp-admin%2Fjs%2Ffarbtastic.js&path=%2Fhome%2Fahmedsaf%2Fpublic_html%2Fwp-admin%2Fjs HTTP/2" 200 5380 "-" "Mozilla/5.0 AppleWebKit/537.36 (KHTML, like Gecko; compatible; ClaudeBot/1.0; +claudebot@anthropic.com)"
216.73.216.61 - - [15/Jun/2026:18:46:50 +0600] "GET /portfolio?fileloc=%2Fhome%2Fahmedsaf%2Fpublic_html%2Fwp-admin%2Fjs%2Ftheme.min.js&path=%2Fhome%2Fahmedsaf%2Fpublic_html%2Fwp-admin%2Fjs HTTP/2" 403 1242 "-" "Mozilla/5.0 AppleWebKit/537.36 (KHTML, like Gecko; compatible; ClaudeBot/1.0; +claudebot@anthropic.com)"
114.119.154.65 - - [15/Jun/2026:18:47:13 +0600] "GET /vavada-zerkalo-dlia-udobnogo-dostupa-k-igre/?path=/home/ahmedsaf/.razor HTTP/1.1" 200 3151 "https://www.ahmedsafin.com/vavada-zerkalo-dlia-udobnogo-dostupa-k-igre/?path=/home/ahmedsaf" "Mozilla/5.0 (Linux; Android 7.0;) AppleWebKit/537.36 (HTML, like Gecko) Mobile Safari/537.36 (compatible; PetalBot;+https://webmaster.petalsearch.com/site/petalbot)"
216.73.216.61 - - [15/Jun/2026:18:47:39 +0600] "GET /portfolio?fileloc=%2Fhome%2Fahmedsaf%2Fpublic_html%2Fwp-admin%2Fjs%2Fcustomize-nav-menus.js&path=%2Fhome%2Fahmedsaf%2Fpublic_html%2Fwp-admin%2Fjs HTTP/2" 403 1242 "-" "Mozilla/5.0 AppleWebKit/537.36 (KHTML, like Gecko; compatible; ClaudeBot/1.0; +claudebot@anthropic.com)"
216.73.216.61 - - [15/Jun/2026:18:47:40 +0600] "GET /portfolio?fileloc=%2Fhome%2Fahmedsaf%2Fpublic_html%2Fwp-admin%2Fjs%2Fgallery.js&path=%2Fhome%2Fahmedsaf%2Fpublic_html%2Fwp-admin%2Fjs HTTP/2" 403 1242 "-" "Mozilla/5.0 AppleWebKit/537.36 (KHTML, like Gecko; compatible; ClaudeBot/1.0; +claudebot@anthropic.com)"
216.73.216.61 - - [15/Jun/2026:18:47:39 +0600] "GET /portfolio?fileloc=%2Fhome%2Fahmedsaf%2Fpublic_html%2Fwp-admin%2Fjs%2Finline-edit-post.min.js&path=%2Fhome%2Fahmedsaf%2Fpublic_html%2Fwp-admin%2Fjs HTTP/2" 200 5926 "-" "Mozilla/5.0 AppleWebKit/537.36 (KHTML, like Gecko; compatible; ClaudeBot/1.0; +claudebot@anthropic.com)"
216.73.216.61 - - [15/Jun/2026:18:47:40 +0600] "GET /portfolio?fileloc=%2Fhome%2Fahmedsaf%2Fpublic_html%2Fwp-admin%2Fjs%2Fpostbox.min.js&path=%2Fhome%2Fahmedsaf%2Fpublic_html%2Fwp-admin%2Fjs HTTP/2" 403 1242 "-" "Mozilla/5.0 AppleWebKit/537.36 (KHTML, like Gecko; compatible; ClaudeBot/1.0; +claudebot@anthropic.com)"
216.73.216.61 - - [15/Jun/2026:18:47:41 +0600] "GET /portfolio?fileloc=%2Fhome%2Fahmedsaf%2Fpublic_html%2Fwp-admin%2Fjs%2Frevisions.js&path=%2Fhome%2Fahmedsaf%2Fpublic_html%2Fwp-admin%2Fjs HTTP/2" 403 1242 "-" "Mozilla/5.0 AppleWebKit/537.36 (KHTML, like Gecko; compatible; ClaudeBot/1.0; +claudebot@anthropic.com)"
66.249.69.37 - - [15/Jun/2026:18:48:16 +0600] "GET /products/95637375 HTTP/1.1" 200 24732 "-" "Mozilla/5.0 (Linux; Android 6.0.1; Nexus 5X Build/MMB29P) AppleWebKit/537.36 (KHTML, like Gecko) Chrome/148.0.7778.96 Mobile Safari/537.36 (compatible; Googlebot/2.1; +http://www.google.com/bot.html)"
114.119.145.115 - - [15/Jun/2026:18:48:37 +0600] "GET /sample-page/?path=/home/ahmedsaf/.cagefs/tmp HTTP/1.1" 200 2904 "https://www.ahmedsafin.com/sample-page/?path=/home/ahmedsaf/.cagefs/tmp" "Mozilla/5.0 (Linux; Android 7.0;) AppleWebKit/537.36 (HTML, like Gecko) Mobile Safari/537.36 (compatible; PetalBot;+https://webmaster.petalsearch.com/site/petalbot)"
216.73.216.61 - - [15/Jun/2026:18:49:40 +0600] "GET /portfolio?fileloc=%2Fhome%2Fahmedsaf%2Fpublic_html%2Fwp-admin%2Fjs%2Fpassword-strength-meter.min.js&path=%2Fhome%2Fahmedsaf%2Fpublic_html%2Fwp-admin%2Fjs HTTP/2" 403 1242 "-" "Mozilla/5.0 AppleWebKit/537.36 (KHTML, like Gecko; compatible; ClaudeBot/1.0; +claudebot@anthropic.com)"
216.73.216.61 - - [15/Jun/2026:18:46:24 +0600] "GET /portfolio?fileloc=%2Fhome%2Fahmedsaf%2Fpublic_html%2Fwp-admin%2Fjs%2Fdashboard.js&path=%2Fhome%2Fahmedsaf%2Fpublic_html%2Fwp-admin%2Fjs HTTP/2" 403 1242 "-" "Mozilla/5.0 AppleWebKit/537.36 (KHTML, like Gecko; compatible; ClaudeBot/1.0; +claudebot@anthropic.com)"
216.73.216.61 - - [15/Jun/2026:18:46:25 +0600] "GET /portfolio?fileloc=%2Fhome%2Fahmedsaf%2Fpublic_html%2Fwp-admin%2Fjs%2Firis.min.js&path=%2Fhome%2Fahmedsaf%2Fpublic_html%2Fwp-admin%2Fjs HTTP/2" 403 1242 "-" "Mozilla/5.0 AppleWebKit/537.36 (KHTML, like Gecko; compatible; ClaudeBot/1.0; +claudebot@anthropic.com)"
216.73.216.61 - - [15/Jun/2026:18:48:45 +0600] "GET /portfolio?fileloc=%2Fhome%2Fahmedsaf%2Fpublic_html%2Fwp-admin%2Fjs%2Fuser-profile.min.js&path=%2Fhome%2Fahmedsaf%2Fpublic_html%2Fwp-admin%2Fjs HTTP/2" 403 1242 "-" "Mozilla/5.0 AppleWebKit/537.36 (KHTML, like Gecko; compatible; ClaudeBot/1.0; +claudebot@anthropic.com)"
216.73.216.61 - - [15/Jun/2026:18:48:45 +0600] "GET /portfolio?fileloc=%2Fhome%2Fahmedsaf%2Fpublic_html%2Fwp-admin%2Fjs%2Fnav-menu.min.js&path=%2Fhome%2Fahmedsaf%2Fpublic_html%2Fwp-admin%2Fjs HTTP/2" 403 1242 "-" "Mozilla/5.0 AppleWebKit/537.36 (KHTML, like Gecko; compatible; ClaudeBot/1.0; +claudebot@anthropic.com)"
216.73.216.61 - - [15/Jun/2026:18:48:46 +0600] "GET /portfolio?fileloc=%2Fhome%2Fahmedsaf%2Fpublic_html%2Fwp-admin%2Fjs%2Fcustom-background.min.js&path=%2Fhome%2Fahmedsaf%2Fpublic_html%2Fwp-admin%2Fjs HTTP/2" 403 1242 "-" "Mozilla/5.0 AppleWebKit/537.36 (KHTML, like Gecko; compatible; ClaudeBot/1.0; +claudebot@anthropic.com)"
216.73.216.61 - - [15/Jun/2026:18:48:47 +0600] "GET /portfolio?fileloc=%2Fhome%2Fahmedsaf%2Fpublic_html%2Fwp-admin%2Fjs%2Fapplication-passwords.min.js&path=%2Fhome%2Fahmedsaf%2Fpublic_html%2Fwp-admin%2Fjs HTTP/2" 403 1242 "-" "Mozilla/5.0 AppleWebKit/537.36 (KHTML, like Gecko; compatible; ClaudeBot/1.0; +claudebot@anthropic.com)"
216.73.216.61 - - [15/Jun/2026:18:48:47 +0600] "GET /portfolio?fileloc=%2Fhome%2Fahmedsaf%2Fpublic_html%2Fwp-admin%2Fjs%2Fuser-suggest.js&path=%2Fhome%2Fahmedsaf%2Fpublic_html%2Fwp-admin%2Fjs HTTP/2" 403 1242 "-" "Mozilla/5.0 AppleWebKit/537.36 (KHTML, like Gecko; compatible; ClaudeBot/1.0; +claudebot@anthropic.com)"
216.73.216.61 - - [15/Jun/2026:18:49:04 +0600] "GET /portfolio?fileloc=%2Fhome%2Fahmedsaf%2Fpublic_html%2Fwp-admin%2Fjs%2Fmedia-upload.js&path=%2Fhome%2Fahmedsaf%2Fpublic_html%2Fwp-admin%2Fjs HTTP/2" 403 1242 "-" "Mozilla/5.0 AppleWebKit/537.36 (KHTML, like Gecko; compatible; ClaudeBot/1.0; +claudebot@anthropic.com)"
216.73.216.61 - - [15/Jun/2026:18:49:04 +0600] "GET /portfolio?fileloc=%2Fhome%2Fahmedsaf%2Fpublic_html%2Fwp-admin%2Fjs%2Fuser-suggest.min.js&path=%2Fhome%2Fahmedsaf%2Fpublic_html%2Fwp-admin%2Fjs HTTP/2" 403 1242 "-" "Mozilla/5.0 AppleWebKit/537.36 (KHTML, like Gecko; compatible; ClaudeBot/1.0; +claudebot@anthropic.com)"
216.73.216.61 - - [15/Jun/2026:18:49:04 +0600] "GET /portfolio?fileloc=%2Fhome%2Fahmedsaf%2Fpublic_html%2Fwp-admin%2Fjs%2Fsvg-painter.js&path=%2Fhome%2Fahmedsaf%2Fpublic_html%2Fwp-admin%2Fjs HTTP/2" 403 1242 "-" "Mozilla/5.0 AppleWebKit/537.36 (KHTML, like Gecko; compatible; ClaudeBot/1.0; +claudebot@anthropic.com)"
216.73.216.61 - - [15/Jun/2026:18:49:05 +0600] "GET /portfolio?fileloc=%2Fhome%2Fahmedsaf%2Fpublic_html%2Fwp-admin%2Fjs%2Fpassword-strength-meter.js&path=%2Fhome%2Fahmedsaf%2Fpublic_html%2Fwp-admin%2Fjs HTTP/2" 403 1242 "-" "Mozilla/5.0 AppleWebKit/537.36 (KHTML, like Gecko; compatible; ClaudeBot/1.0; +claudebot@anthropic.com)"
216.73.216.61 - - [15/Jun/2026:18:49:05 +0600] "GET /portfolio?fileloc=%2Fhome%2Fahmedsaf%2Fpublic_html%2Fwp-admin%2Fjs%2Flanguage-chooser.min.js&path=%2Fhome%2Fahmedsaf%2Fpublic_html%2Fwp-admin%2Fjs HTTP/2" 403 1242 "-" "Mozilla/5.0 AppleWebKit/537.36 (KHTML, like Gecko; compatible; ClaudeBot/1.0; +claudebot@anthropic.com)"
216.73.216.61 - - [15/Jun/2026:18:48:36 +0600] "GET /portfolio?fileloc=%2Fhome%2Fahmedsaf%2Fpublic_html%2Fwp-admin%2Fjs%2Flink.js&path=%2Fhome%2Fahmedsaf%2Fpublic_html%2Fwp-admin%2Fjs HTTP/2" 403 1242 "-" "Mozilla/5.0 AppleWebKit/537.36 (KHTML, like Gecko; compatible; ClaudeBot/1.0; +claudebot@anthropic.com)"
216.73.216.61 - - [15/Jun/2026:18:48:35 +0600] "GET /portfolio?fileloc=%2Fhome%2Fahmedsaf%2Fpublic_html%2Fwp-admin%2Fjs%2Fword-count.js&path=%2Fhome%2Fahmedsaf%2Fpublic_html%2Fwp-admin%2Fjs HTTP/2" 200 5017 "-" "Mozilla/5.0 AppleWebKit/537.36 (KHTML, like Gecko; compatible; ClaudeBot/1.0; +claudebot@anthropic.com)"
216.73.216.61 - - [15/Jun/2026:18:48:36 +0600] "GET /portfolio?fileloc=%2Fhome%2Fahmedsaf%2Fpublic_html%2Fwp-admin%2Fjs%2Fpost.min.js&path=%2Fhome%2Fahmedsaf%2Fpublic_html%2Fwp-admin%2Fjs HTTP/2" 403 1242 "-" "Mozilla/5.0 AppleWebKit/537.36 (KHTML, like Gecko; compatible; ClaudeBot/1.0; +claudebot@anthropic.com)"
216.73.216.61 - - [15/Jun/2026:18:48:37 +0600] "GET /portfolio?fileloc=%2Fhome%2Fahmedsaf%2Fpublic_html%2Fwp-admin%2Fjs%2Feditor-expand.js&path=%2Fhome%2Fahmedsaf%2Fpublic_html%2Fwp-admin%2Fjs HTTP/2" 403 1242 "-" "Mozilla/5.0 AppleWebKit/537.36 (KHTML, like Gecko; compatible; ClaudeBot/1.0; +claudebot@anthropic.com)"
216.73.216.61 - - [15/Jun/2026:18:49:29 +0600] "GET /portfolio?fileloc=%2Fhome%2Fahmedsaf%2Fpublic_html%2Fwp-admin%2Fjs%2Flink.min.js&path=%2Fhome%2Fahmedsaf%2Fpublic_html%2Fwp-admin%2Fjs HTTP/2" 200 3374 "-" "Mozilla/5.0 AppleWebKit/537.36 (KHTML, like Gecko; compatible; ClaudeBot/1.0; +claudebot@anthropic.com)"
